{"id":973,"date":"2020-01-27T15:33:37","date_gmt":"2020-01-27T15:33:37","guid":{"rendered":"https:\/\/www.ozbekspor.com\/?post_type=product&#038;p=973"},"modified":"2021-01-24T18:28:11","modified_gmt":"2021-01-24T18:28:11","slug":"masa-tenisi-toplari","status":"publish","type":"product","link":"https:\/\/www.ozbekspor.com\/?product=masa-tenisi-toplari","title":{"rendered":"Masa Tenisi Toplar\u0131"},"content":{"rendered":"<div id='gallery-1' class='gallery galleryid-973 gallery-columns-4 gallery-size-thumbnail'><figure class='gallery-item'>\n\t\t\t<div class='gallery-icon landscape'>\n\t\t\t\t<a href='https:\/\/www.ozbekspor.com\/wp-content\/uploads\/755x390-masa-tenisi-vurus-teknikleri.jpg'><img width=\"500\" height=\"500\" src=\"https:\/\/www.ozbekspor.com\/wp-content\/uploads\/755x390-masa-tenisi-vurus-teknikleri-500x500.jpg\" class=\"attachment-thumbnail size-thumbnail\" alt=\"\" loading=\"lazy\" aria-describedby=\"gallery-1-982\" srcset=\"https:\/\/www.ozbekspor.com\/wp-content\/uploads\/755x390-masa-tenisi-vurus-teknikleri-500x500.jpg 500w, https:\/\/www.ozbekspor.com\/wp-content\/uploads\/755x390-masa-tenisi-vurus-teknikleri-300x300.jpg 300w, https:\/\/www.ozbekspor.com\/wp-content\/uploads\/755x390-masa-tenisi-vurus-teknikleri-100x100.jpg 100w\" sizes=\"(max-width: 500px) 100vw, 500px\" \/><\/a>\n\t\t\t<\/div>\n\t\t\t\t<figcaption class='wp-caption-text gallery-caption' id='gallery-1-982'>\n\t\t\t\t\u00d6S-PSR445 MASA TEN\u0130S\u0130 SET\u0130 2 RAKET + 3 TOP\n\t\t\t\t<\/figcaption><\/figure><figure class='gallery-item'>\n\t\t\t<div class='gallery-icon landscape'>\n\t\t\t\t<a href='https:\/\/www.ozbekspor.com\/wp-content\/uploads\/5cabb01366a97c09372ef7a3.jpg'><img width=\"500\" height=\"500\" src=\"https:\/\/www.ozbekspor.com\/wp-content\/uploads\/5cabb01366a97c09372ef7a3-500x500.jpg\" class=\"attachment-thumbnail size-thumbnail\" alt=\"\" loading=\"lazy\" aria-describedby=\"gallery-1-988\" srcset=\"https:\/\/www.ozbekspor.com\/wp-content\/uploads\/5cabb01366a97c09372ef7a3-500x500.jpg 500w, https:\/\/www.ozbekspor.com\/wp-content\/uploads\/5cabb01366a97c09372ef7a3-300x300.jpg 300w, https:\/\/www.ozbekspor.com\/wp-content\/uploads\/5cabb01366a97c09372ef7a3-100x100.jpg 100w\" sizes=\"(max-width: 500px) 100vw, 500px\" \/><\/a>\n\t\t\t<\/div>\n\t\t\t\t<figcaption class='wp-caption-text gallery-caption' id='gallery-1-988'>\n\t\t\t\t\u00d6S-6259 MASA TEN\u0130S\u0130 2 RAKET + 3 TOP\n\t\t\t\t<\/figcaption><\/figure><figure class='gallery-item'>\n\t\t\t<div class='gallery-icon landscape'>\n\t\t\t\t<a href='https:\/\/www.ozbekspor.com\/wp-content\/uploads\/table-tennis-ball-and-racket-14476261.jpg'><img width=\"500\" height=\"500\" src=\"https:\/\/www.ozbekspor.com\/wp-content\/uploads\/table-tennis-ball-and-racket-14476261-500x500.jpg\" class=\"attachment-thumbnail size-thumbnail\" alt=\"\" loading=\"lazy\" aria-describedby=\"gallery-1-977\" srcset=\"https:\/\/www.ozbekspor.com\/wp-content\/uploads\/table-tennis-ball-and-racket-14476261-500x500.jpg 500w, https:\/\/www.ozbekspor.com\/wp-content\/uploads\/table-tennis-ball-and-racket-14476261-300x300.jpg 300w, https:\/\/www.ozbekspor.com\/wp-content\/uploads\/table-tennis-ball-and-racket-14476261-100x100.jpg 100w\" sizes=\"(max-width: 500px) 100vw, 500px\" \/><\/a>\n\t\t\t<\/div>\n\t\t\t\t<figcaption class='wp-caption-text gallery-caption' id='gallery-1-977'>\n\t\t\t\t\u00d6S-RVP309 MASA TEN\u0130S\u0130 TOPU\n\t\t\t\t<\/figcaption><\/figure><figure class='gallery-item'>\n\t\t\t<div class='gallery-icon landscape'>\n\t\t\t\t<a href='https:\/\/www.ozbekspor.com\/wp-content\/uploads\/9f25d447-302f-4570-b416-522cc2fb12eb-1000x1000-1.jpg'><img width=\"500\" height=\"500\" src=\"https:\/\/www.ozbekspor.com\/wp-content\/uploads\/9f25d447-302f-4570-b416-522cc2fb12eb-1000x1000-1-500x500.jpg\" class=\"attachment-thumbnail size-thumbnail\" alt=\"\" loading=\"lazy\" aria-describedby=\"gallery-1-980\" srcset=\"https:\/\/www.ozbekspor.com\/wp-content\/uploads\/9f25d447-302f-4570-b416-522cc2fb12eb-1000x1000-1-500x500.jpg 500w, https:\/\/www.ozbekspor.com\/wp-content\/uploads\/9f25d447-302f-4570-b416-522cc2fb12eb-1000x1000-1-800x800.jpg 800w, https:\/\/www.ozbekspor.com\/wp-content\/uploads\/9f25d447-302f-4570-b416-522cc2fb12eb-1000x1000-1-768x768.jpg 768w, https:\/\/www.ozbekspor.com\/wp-content\/uploads\/9f25d447-302f-4570-b416-522cc2fb12eb-1000x1000-1-300x300.jpg 300w, https:\/\/www.ozbekspor.com\/wp-content\/uploads\/9f25d447-302f-4570-b416-522cc2fb12eb-1000x1000-1-600x600.jpg 600w, https:\/\/www.ozbekspor.com\/wp-content\/uploads\/9f25d447-302f-4570-b416-522cc2fb12eb-1000x1000-1-100x100.jpg 100w, https:\/\/www.ozbekspor.com\/wp-content\/uploads\/9f25d447-302f-4570-b416-522cc2fb12eb-1000x1000-1.jpg 1000w\" sizes=\"(max-width: 500px) 100vw, 500px\" \/><\/a>\n\t\t\t<\/div>\n\t\t\t\t<figcaption class='wp-caption-text gallery-caption' id='gallery-1-980'>\n\t\t\t\t\u00d6S-MTS875 MASA TEN\u0130S\u0130 F\u0130LE DEM\u0130R SET 2 RAKET + 3 TOP\n\t\t\t\t<\/figcaption><\/figure><figure class='gallery-item'>\n\t\t\t<div class='gallery-icon portrait'>\n\t\t\t\t<a href='https:\/\/www.ozbekspor.com\/wp-content\/uploads\/Povit-Cantali-Masa-Tenisi-Topu-100-Adet-resim-650.jpg'><img width=\"500\" height=\"500\" src=\"https:\/\/www.ozbekspor.com\/wp-content\/uploads\/Povit-Cantali-Masa-Tenisi-Topu-100-Adet-resim-650-500x500.jpg\" class=\"attachment-thumbnail size-thumbnail\" alt=\"\" loading=\"lazy\" aria-describedby=\"gallery-1-975\" srcset=\"https:\/\/www.ozbekspor.com\/wp-content\/uploads\/Povit-Cantali-Masa-Tenisi-Topu-100-Adet-resim-650-500x500.jpg 500w, https:\/\/www.ozbekspor.com\/wp-content\/uploads\/Povit-Cantali-Masa-Tenisi-Topu-100-Adet-resim-650-300x300.jpg 300w, https:\/\/www.ozbekspor.com\/wp-content\/uploads\/Povit-Cantali-Masa-Tenisi-Topu-100-Adet-resim-650-100x100.jpg 100w\" sizes=\"(max-width: 500px) 100vw, 500px\" \/><\/a>\n\t\t\t<\/div>\n\t\t\t\t<figcaption class='wp-caption-text gallery-caption' id='gallery-1-975'>\n\t\t\t\t\u00d6S-LKS23B POV\u0130T MASA TEN\u0130S\u0130 TOPU 100&#8217;L\u00dc \u00c7ANTALI\n\t\t\t\t<\/figcaption><\/figure><figure class='gallery-item'>\n\t\t\t<div class='gallery-icon portrait'>\n\t\t\t\t<a href='https:\/\/www.ozbekspor.com\/wp-content\/uploads\/Povit-LKS-23-100-lu-Pinpon-Topu-resim-1714.jpg'><img width=\"500\" height=\"500\" src=\"https:\/\/www.ozbekspor.com\/wp-content\/uploads\/Povit-LKS-23-100-lu-Pinpon-Topu-resim-1714-500x500.jpg\" class=\"attachment-thumbnail size-thumbnail\" alt=\"\" loading=\"lazy\" aria-describedby=\"gallery-1-981\" srcset=\"https:\/\/www.ozbekspor.com\/wp-content\/uploads\/Povit-LKS-23-100-lu-Pinpon-Topu-resim-1714-500x500.jpg 500w, https:\/\/www.ozbekspor.com\/wp-content\/uploads\/Povit-LKS-23-100-lu-Pinpon-Topu-resim-1714-300x300.jpg 300w, https:\/\/www.ozbekspor.com\/wp-content\/uploads\/Povit-LKS-23-100-lu-Pinpon-Topu-resim-1714-100x100.jpg 100w\" sizes=\"(max-width: 500px) 100vw, 500px\" \/><\/a>\n\t\t\t<\/div>\n\t\t\t\t<figcaption class='wp-caption-text gallery-caption' id='gallery-1-981'>\n\t\t\t\t\u00d6S-LKS23T POV\u0130T MASA TEN\u0130S\u0130 TOPU 100&#8217;L\u00dc \u00c7ANTALI\n\t\t\t\t<\/figcaption><\/figure><figure class='gallery-item'>\n\t\t\t<div class='gallery-icon landscape'>\n\t\t\t\t<a href='https:\/\/www.ozbekspor.com\/wp-content\/uploads\/8952990859314.jpg'><img width=\"500\" height=\"500\" src=\"https:\/\/www.ozbekspor.com\/wp-content\/uploads\/8952990859314-500x500.jpg\" class=\"attachment-thumbnail size-thumbnail\" alt=\"\" loading=\"lazy\" aria-describedby=\"gallery-1-978\" srcset=\"https:\/\/www.ozbekspor.com\/wp-content\/uploads\/8952990859314-500x500.jpg 500w, https:\/\/www.ozbekspor.com\/wp-content\/uploads\/8952990859314-800x800.jpg 800w, https:\/\/www.ozbekspor.com\/wp-content\/uploads\/8952990859314-768x768.jpg 768w, https:\/\/www.ozbekspor.com\/wp-content\/uploads\/8952990859314-300x300.jpg 300w, https:\/\/www.ozbekspor.com\/wp-content\/uploads\/8952990859314-600x600.jpg 600w, https:\/\/www.ozbekspor.com\/wp-content\/uploads\/8952990859314-100x100.jpg 100w, https:\/\/www.ozbekspor.com\/wp-content\/uploads\/8952990859314.jpg 1000w\" sizes=\"(max-width: 500px) 100vw, 500px\" \/><\/a>\n\t\t\t<\/div>\n\t\t\t\t<figcaption class='wp-caption-text gallery-caption' id='gallery-1-978'>\n\t\t\t\t\u00d6S-WZP563 MASA TEN\u0130S\u0130 TOPU 100&#8217;L\u00dc \u00c7ANTALI \n\t\t\t\t<\/figcaption><\/figure><figure class='gallery-item'>\n\t\t\t<div class='gallery-icon landscape'>\n\t\t\t\t<a href='https:\/\/www.ozbekspor.com\/wp-content\/uploads\/9686736175154.jpg'><img width=\"500\" height=\"500\" src=\"https:\/\/www.ozbekspor.com\/wp-content\/uploads\/9686736175154-500x500.jpg\" class=\"attachment-thumbnail size-thumbnail\" alt=\"\" loading=\"lazy\" aria-describedby=\"gallery-1-976\" srcset=\"https:\/\/www.ozbekspor.com\/wp-content\/uploads\/9686736175154-500x500.jpg 500w, https:\/\/www.ozbekspor.com\/wp-content\/uploads\/9686736175154-800x800.jpg 800w, https:\/\/www.ozbekspor.com\/wp-content\/uploads\/9686736175154-768x768.jpg 768w, https:\/\/www.ozbekspor.com\/wp-content\/uploads\/9686736175154-300x300.jpg 300w, https:\/\/www.ozbekspor.com\/wp-content\/uploads\/9686736175154-600x600.jpg 600w, https:\/\/www.ozbekspor.com\/wp-content\/uploads\/9686736175154-100x100.jpg 100w, https:\/\/www.ozbekspor.com\/wp-content\/uploads\/9686736175154.jpg 1000w\" sizes=\"(max-width: 500px) 100vw, 500px\" \/><\/a>\n\t\t\t<\/div>\n\t\t\t\t<figcaption class='wp-caption-text gallery-caption' id='gallery-1-976'>\n\t\t\t\t\u00d6S-PBW143 MASA TEN\u0130S\u0130 TOPU 100&#8217;L\u00dc \u00c7ANTALI\n\t\t\t\t<\/figcaption><\/figure><figure class='gallery-item'>\n\t\t\t<div class='gallery-icon portrait'>\n\t\t\t\t<a href='https:\/\/www.ozbekspor.com\/wp-content\/uploads\/renkli-pinpon-topu-100-adet-cantali-ucretsiz-kargo-6974-1200x1800-1.jpg'><img width=\"500\" height=\"500\" src=\"https:\/\/www.ozbekspor.com\/wp-content\/uploads\/renkli-pinpon-topu-100-adet-cantali-ucretsiz-kargo-6974-1200x1800-1-500x500.jpg\" class=\"attachment-thumbnail size-thumbnail\" alt=\"\" loading=\"lazy\" aria-describedby=\"gallery-1-979\" srcset=\"https:\/\/www.ozbekspor.com\/wp-content\/uploads\/renkli-pinpon-topu-100-adet-cantali-ucretsiz-kargo-6974-1200x1800-1-500x500.jpg 500w, https:\/\/www.ozbekspor.com\/wp-content\/uploads\/renkli-pinpon-topu-100-adet-cantali-ucretsiz-kargo-6974-1200x1800-1-300x300.jpg 300w, https:\/\/www.ozbekspor.com\/wp-content\/uploads\/renkli-pinpon-topu-100-adet-cantali-ucretsiz-kargo-6974-1200x1800-1-100x100.jpg 100w\" sizes=\"(max-width: 500px) 100vw, 500px\" \/><\/a>\n\t\t\t<\/div>\n\t\t\t\t<figcaption class='wp-caption-text gallery-caption' id='gallery-1-979'>\n\t\t\t\t\u00d6S-PTR01 MASA TEN\u0130S\u0130 TOPU 100&#8217;L\u00dc \u00c7ANTALI RENKL\u0130\n\t\t\t\t<\/figcaption><\/figure><figure class='gallery-item'>\n\t\t\t<div class='gallery-icon landscape'>\n\t\t\t\t<a href='https:\/\/www.ozbekspor.com\/wp-content\/uploads\/9-1.jpg'><img width=\"500\" height=\"500\" src=\"https:\/\/www.ozbekspor.com\/wp-content\/uploads\/9-1-500x500.jpg\" class=\"attachment-thumbnail size-thumbnail\" alt=\"\" loading=\"lazy\" aria-describedby=\"gallery-1-987\" srcset=\"https:\/\/www.ozbekspor.com\/wp-content\/uploads\/9-1-500x500.jpg 500w, https:\/\/www.ozbekspor.com\/wp-content\/uploads\/9-1-800x800.jpg 800w, https:\/\/www.ozbekspor.com\/wp-content\/uploads\/9-1-768x768.jpg 768w, https:\/\/www.ozbekspor.com\/wp-content\/uploads\/9-1-300x300.jpg 300w, https:\/\/www.ozbekspor.com\/wp-content\/uploads\/9-1-600x600.jpg 600w, https:\/\/www.ozbekspor.com\/wp-content\/uploads\/9-1-100x100.jpg 100w, https:\/\/www.ozbekspor.com\/wp-content\/uploads\/9-1.jpg 1000w\" sizes=\"(max-width: 500px) 100vw, 500px\" \/><\/a>\n\t\t\t<\/div>\n\t\t\t\t<figcaption class='wp-caption-text gallery-caption' id='gallery-1-987'>\n\t\t\t\t\u00d6S-1605B BUTTERFLY TRAINING MASA TEN\u0130S\u0130 TOPU 100&#8217;L\u00dc\n\t\t\t\t<\/figcaption><\/figure><figure class='gallery-item'>\n\t\t\t<div class='gallery-icon portrait'>\n\t\t\t\t<a href='https:\/\/www.ozbekspor.com\/wp-content\/uploads\/8697666702823_1_org_zoom.jpg'><img width=\"500\" height=\"500\" src=\"https:\/\/www.ozbekspor.com\/wp-content\/uploads\/8697666702823_1_org_zoom-500x500.jpg\" class=\"attachment-thumbnail size-thumbnail\" alt=\"\" loading=\"lazy\" aria-describedby=\"gallery-1-983\" srcset=\"https:\/\/www.ozbekspor.com\/wp-content\/uploads\/8697666702823_1_org_zoom-500x500.jpg 500w, https:\/\/www.ozbekspor.com\/wp-content\/uploads\/8697666702823_1_org_zoom-300x300.jpg 300w, https:\/\/www.ozbekspor.com\/wp-content\/uploads\/8697666702823_1_org_zoom-100x100.jpg 100w\" sizes=\"(max-width: 500px) 100vw, 500px\" \/><\/a>\n\t\t\t<\/div>\n\t\t\t\t<figcaption class='wp-caption-text gallery-caption' id='gallery-1-983'>\n\t\t\t\t\u00d6S-TB80 MASA TEN\u0130S\u0130 TOPU 100&#8217;L\u00dc \u00c7ANTALI\n\t\t\t\t<\/figcaption><\/figure><figure class='gallery-item'>\n\t\t\t<div class='gallery-icon landscape'>\n\t\t\t\t<a href='https:\/\/www.ozbekspor.com\/wp-content\/uploads\/Selex-TB-80-100-39-lu-Masa-Tenisi-Pin-Pon-Topu-Sari-resim-1155.jpg'><img width=\"500\" height=\"500\" src=\"https:\/\/www.ozbekspor.com\/wp-content\/uploads\/Selex-TB-80-100-39-lu-Masa-Tenisi-Pin-Pon-Topu-Sari-resim-1155-500x500.jpg\" class=\"attachment-thumbnail size-thumbnail\" alt=\"\" loading=\"lazy\" aria-describedby=\"gallery-1-984\" srcset=\"https:\/\/www.ozbekspor.com\/wp-content\/uploads\/Selex-TB-80-100-39-lu-Masa-Tenisi-Pin-Pon-Topu-Sari-resim-1155-500x500.jpg 500w, https:\/\/www.ozbekspor.com\/wp-content\/uploads\/Selex-TB-80-100-39-lu-Masa-Tenisi-Pin-Pon-Topu-Sari-resim-1155-800x800.jpg 800w, https:\/\/www.ozbekspor.com\/wp-content\/uploads\/Selex-TB-80-100-39-lu-Masa-Tenisi-Pin-Pon-Topu-Sari-resim-1155-768x768.jpg 768w, https:\/\/www.ozbekspor.com\/wp-content\/uploads\/Selex-TB-80-100-39-lu-Masa-Tenisi-Pin-Pon-Topu-Sari-resim-1155-300x300.jpg 300w, https:\/\/www.ozbekspor.com\/wp-content\/uploads\/Selex-TB-80-100-39-lu-Masa-Tenisi-Pin-Pon-Topu-Sari-resim-1155-600x600.jpg 600w, https:\/\/www.ozbekspor.com\/wp-content\/uploads\/Selex-TB-80-100-39-lu-Masa-Tenisi-Pin-Pon-Topu-Sari-resim-1155-100x100.jpg 100w, https:\/\/www.ozbekspor.com\/wp-content\/uploads\/Selex-TB-80-100-39-lu-Masa-Tenisi-Pin-Pon-Topu-Sari-resim-1155.jpg 1000w\" sizes=\"(max-width: 500px) 100vw, 500px\" \/><\/a>\n\t\t\t<\/div>\n\t\t\t\t<figcaption class='wp-caption-text gallery-caption' id='gallery-1-984'>\n\t\t\t\t\u00d6S-TB80 MASA TEN\u0130S\u0130 TOPU 100&#8217;L\u00dc \u00c7ANTALI\n\t\t\t\t<\/figcaption><\/figure><figure class='gallery-item'>\n\t\t\t<div class='gallery-icon portrait'>\n\t\t\t\t<a href='https:\/\/www.ozbekspor.com\/wp-content\/uploads\/mbtt060.jpg'><img width=\"500\" height=\"500\" src=\"https:\/\/www.ozbekspor.com\/wp-content\/uploads\/mbtt060-500x500.jpg\" class=\"attachment-thumbnail size-thumbnail\" alt=\"\" loading=\"lazy\" aria-describedby=\"gallery-1-985\" srcset=\"https:\/\/www.ozbekspor.com\/wp-content\/uploads\/mbtt060-500x500.jpg 500w, https:\/\/www.ozbekspor.com\/wp-content\/uploads\/mbtt060-300x300.jpg 300w, https:\/\/www.ozbekspor.com\/wp-content\/uploads\/mbtt060-100x100.jpg 100w\" sizes=\"(max-width: 500px) 100vw, 500px\" \/><\/a>\n\t\t\t<\/div>\n\t\t\t\t<figcaption class='wp-caption-text gallery-caption' id='gallery-1-985'>\n\t\t\t\t\u00d6S-MB61035A P\u0130NPON TOPU 100&#8217;L\u00dc BEYAZ 2.KAL\u0130TE BEYAZ\n\t\t\t\t<\/figcaption><\/figure><figure class='gallery-item'>\n\t\t\t<div class='gallery-icon landscape'>\n\t\t\t\t<a href='https:\/\/www.ozbekspor.com\/wp-content\/uploads\/10054252331058.jpg'><img width=\"500\" height=\"500\" src=\"https:\/\/www.ozbekspor.com\/wp-content\/uploads\/10054252331058-500x500.jpg\" class=\"attachment-thumbnail size-thumbnail\" alt=\"\" loading=\"lazy\" aria-describedby=\"gallery-1-974\" srcset=\"https:\/\/www.ozbekspor.com\/wp-content\/uploads\/10054252331058-500x500.jpg 500w, https:\/\/www.ozbekspor.com\/wp-content\/uploads\/10054252331058-800x800.jpg 800w, https:\/\/www.ozbekspor.com\/wp-content\/uploads\/10054252331058-768x768.jpg 768w, https:\/\/www.ozbekspor.com\/wp-content\/uploads\/10054252331058-300x300.jpg 300w, https:\/\/www.ozbekspor.com\/wp-content\/uploads\/10054252331058-600x600.jpg 600w, https:\/\/www.ozbekspor.com\/wp-content\/uploads\/10054252331058-100x100.jpg 100w, https:\/\/www.ozbekspor.com\/wp-content\/uploads\/10054252331058.jpg 1000w\" sizes=\"(max-width: 500px) 100vw, 500px\" \/><\/a>\n\t\t\t<\/div>\n\t\t\t\t<figcaption class='wp-caption-text gallery-caption' id='gallery-1-974'>\n\t\t\t\t\u00d6S-MB61035A P\u0130NPON TOPU 100&#8217;L\u00dc BEYAZ 2.KAL\u0130TE TURUNCU\n\t\t\t\t<\/figcaption><\/figure><figure class='gallery-item'>\n\t\t\t<div class='gallery-icon landscape'>\n\t\t\t\t<a href='https:\/\/www.ozbekspor.com\/wp-content\/uploads\/img51900x1234.jpg'><img width=\"500\" height=\"500\" src=\"https:\/\/www.ozbekspor.com\/wp-content\/uploads\/img51900x1234-500x500.jpg\" class=\"attachment-thumbnail size-thumbnail\" alt=\"\" loading=\"lazy\" aria-describedby=\"gallery-1-986\" srcset=\"https:\/\/www.ozbekspor.com\/wp-content\/uploads\/img51900x1234-500x500.jpg 500w, https:\/\/www.ozbekspor.com\/wp-content\/uploads\/img51900x1234-800x800.jpg 800w, https:\/\/www.ozbekspor.com\/wp-content\/uploads\/img51900x1234-768x768.jpg 768w, https:\/\/www.ozbekspor.com\/wp-content\/uploads\/img51900x1234-300x300.jpg 300w, https:\/\/www.ozbekspor.com\/wp-content\/uploads\/img51900x1234-600x600.jpg 600w, https:\/\/www.ozbekspor.com\/wp-content\/uploads\/img51900x1234-100x100.jpg 100w, https:\/\/www.ozbekspor.com\/wp-content\/uploads\/img51900x1234.jpg 1000w\" sizes=\"(max-width: 500px) 100vw, 500px\" \/><\/a>\n\t\t\t<\/div>\n\t\t\t\t<figcaption class='wp-caption-text gallery-caption' id='gallery-1-986'>\n\t\t\t\t\u00d6S-PTC200 MASA TEN\u0130S\u0130 TOPU 100&#8217;L\u00dc \u00c7ANTALI \n\t\t\t\t<\/figcaption><\/figure>\n\t\t<\/div>\n\n","protected":false},"excerpt":{"rendered":"","protected":false},"featured_media":986,"template":"","meta":[],"_links":{"self":[{"href":"https:\/\/www.ozbekspor.com\/index.php?rest_route=\/wp\/v2\/product\/973"}],"collection":[{"href":"https:\/\/www.ozbekspor.com\/index.php?rest_route=\/wp\/v2\/product"}],"about":[{"href":"https:\/\/www.ozbekspor.com\/index.php?rest_route=\/wp\/v2\/types\/product"}],"wp:featuredmedia":[{"embeddable":true,"href":"https:\/\/www.ozbekspor.com\/index.php?rest_route=\/wp\/v2\/media\/986"}],"wp:attachment":[{"href":"https:\/\/www.ozbekspor.com\/index.php?rest_route=%2Fwp%2Fv2%2Fmedia&parent=973"}],"curies":[{"name":"wp","href":"https:\/\/api.w.org\/{rel}","templated":true}]}}