{"id":899,"date":"2020-01-27T15:18:11","date_gmt":"2020-01-27T15:18:11","guid":{"rendered":"https:\/\/www.ozbekspor.com\/?post_type=product&#038;p=899"},"modified":"2021-01-24T18:14:47","modified_gmt":"2021-01-24T18:14:47","slug":"sunflex-masa-tenisi-raketleri","status":"publish","type":"product","link":"https:\/\/www.ozbekspor.com\/?product=sunflex-masa-tenisi-raketleri","title":{"rendered":"Masa Tenisi Raketleri &#8211; Sunflex"},"content":{"rendered":"<div id='gallery-1' class='gallery galleryid-899 gallery-columns-4 gallery-size-thumbnail'><figure class='gallery-item'>\n\t\t\t<div class='gallery-icon landscape'>\n\t\t\t\t<a href='https:\/\/www.ozbekspor.com\/wp-content\/uploads\/pr_01_7786.jpg'><img width=\"500\" height=\"500\" src=\"https:\/\/www.ozbekspor.com\/wp-content\/uploads\/pr_01_7786-500x500.jpg\" class=\"attachment-thumbnail size-thumbnail\" alt=\"\" loading=\"lazy\" aria-describedby=\"gallery-1-902\" srcset=\"https:\/\/www.ozbekspor.com\/wp-content\/uploads\/pr_01_7786-500x500.jpg 500w, https:\/\/www.ozbekspor.com\/wp-content\/uploads\/pr_01_7786-800x800.jpg 800w, https:\/\/www.ozbekspor.com\/wp-content\/uploads\/pr_01_7786-768x768.jpg 768w, https:\/\/www.ozbekspor.com\/wp-content\/uploads\/pr_01_7786-300x300.jpg 300w, https:\/\/www.ozbekspor.com\/wp-content\/uploads\/pr_01_7786-600x600.jpg 600w, https:\/\/www.ozbekspor.com\/wp-content\/uploads\/pr_01_7786-100x100.jpg 100w, https:\/\/www.ozbekspor.com\/wp-content\/uploads\/pr_01_7786.jpg 1000w\" sizes=\"(max-width: 500px) 100vw, 500px\" \/><\/a>\n\t\t\t<\/div>\n\t\t\t\t<figcaption class='wp-caption-text gallery-caption' id='gallery-1-902'>\n\t\t\t\tSUNFLEX SAMURAI C.P.P MASA TEN\u0130S\u0130 RAKET\u0130\n\t\t\t\t<\/figcaption><\/figure><figure class='gallery-item'>\n\t\t\t<div class='gallery-icon portrait'>\n\t\t\t\t<a href='https:\/\/www.ozbekspor.com\/wp-content\/uploads\/4001078103354_2_org_zoom.jpg'><img width=\"500\" height=\"500\" src=\"https:\/\/www.ozbekspor.com\/wp-content\/uploads\/4001078103354_2_org_zoom-500x500.jpg\" class=\"attachment-thumbnail size-thumbnail\" alt=\"\" loading=\"lazy\" aria-describedby=\"gallery-1-903\" srcset=\"https:\/\/www.ozbekspor.com\/wp-content\/uploads\/4001078103354_2_org_zoom-500x500.jpg 500w, https:\/\/www.ozbekspor.com\/wp-content\/uploads\/4001078103354_2_org_zoom-300x300.jpg 300w, https:\/\/www.ozbekspor.com\/wp-content\/uploads\/4001078103354_2_org_zoom-100x100.jpg 100w\" sizes=\"(max-width: 500px) 100vw, 500px\" \/><\/a>\n\t\t\t<\/div>\n\t\t\t\t<figcaption class='wp-caption-text gallery-caption' id='gallery-1-903'>\n\t\t\t\t\u00d6S- 10335S SUNFLEX DYNAM\u0130C A40 MASA TEN\u0130S\u0130 RAKET\u0130\n\t\t\t\t<\/figcaption><\/figure><figure class='gallery-item'>\n\t\t\t<div class='gallery-icon landscape'>\n\t\t\t\t<a href='https:\/\/www.ozbekspor.com\/wp-content\/uploads\/su-sunflex-taipan-c-p-p-raket-original-big.jpg'><img width=\"500\" height=\"500\" src=\"https:\/\/www.ozbekspor.com\/wp-content\/uploads\/su-sunflex-taipan-c-p-p-raket-original-big-500x500.jpg\" class=\"attachment-thumbnail size-thumbnail\" alt=\"\" loading=\"lazy\" aria-describedby=\"gallery-1-905\" srcset=\"https:\/\/www.ozbekspor.com\/wp-content\/uploads\/su-sunflex-taipan-c-p-p-raket-original-big-500x500.jpg 500w, https:\/\/www.ozbekspor.com\/wp-content\/uploads\/su-sunflex-taipan-c-p-p-raket-original-big-800x800.jpg 800w, https:\/\/www.ozbekspor.com\/wp-content\/uploads\/su-sunflex-taipan-c-p-p-raket-original-big-768x768.jpg 768w, https:\/\/www.ozbekspor.com\/wp-content\/uploads\/su-sunflex-taipan-c-p-p-raket-original-big-300x300.jpg 300w, https:\/\/www.ozbekspor.com\/wp-content\/uploads\/su-sunflex-taipan-c-p-p-raket-original-big-600x600.jpg 600w, https:\/\/www.ozbekspor.com\/wp-content\/uploads\/su-sunflex-taipan-c-p-p-raket-original-big-100x100.jpg 100w, https:\/\/www.ozbekspor.com\/wp-content\/uploads\/su-sunflex-taipan-c-p-p-raket-original-big.jpg 1000w\" sizes=\"(max-width: 500px) 100vw, 500px\" \/><\/a>\n\t\t\t<\/div>\n\t\t\t\t<figcaption class='wp-caption-text gallery-caption' id='gallery-1-905'>\n\t\t\t\t\u00d6S-20879 SUNFLEX TA\u0130PAN C.P.P MASA TEN\u0130S\u0130 RAKET\u0130 \n\t\t\t\t<\/figcaption><\/figure><figure class='gallery-item'>\n\t\t\t<div class='gallery-icon landscape'>\n\t\t\t\t<a href='https:\/\/www.ozbekspor.com\/wp-content\/uploads\/hobby-s-masa-tenisi-raketi-69102.jpg'><img width=\"500\" height=\"500\" src=\"https:\/\/www.ozbekspor.com\/wp-content\/uploads\/hobby-s-masa-tenisi-raketi-69102-500x500.jpg\" class=\"attachment-thumbnail size-thumbnail\" alt=\"\" loading=\"lazy\" aria-describedby=\"gallery-1-904\" srcset=\"https:\/\/www.ozbekspor.com\/wp-content\/uploads\/hobby-s-masa-tenisi-raketi-69102-500x500.jpg 500w, https:\/\/www.ozbekspor.com\/wp-content\/uploads\/hobby-s-masa-tenisi-raketi-69102-800x800.jpg 800w, https:\/\/www.ozbekspor.com\/wp-content\/uploads\/hobby-s-masa-tenisi-raketi-69102-768x768.jpg 768w, https:\/\/www.ozbekspor.com\/wp-content\/uploads\/hobby-s-masa-tenisi-raketi-69102-300x300.jpg 300w, https:\/\/www.ozbekspor.com\/wp-content\/uploads\/hobby-s-masa-tenisi-raketi-69102-600x600.jpg 600w, https:\/\/www.ozbekspor.com\/wp-content\/uploads\/hobby-s-masa-tenisi-raketi-69102-100x100.jpg 100w, https:\/\/www.ozbekspor.com\/wp-content\/uploads\/hobby-s-masa-tenisi-raketi-69102.jpg 1000w\" sizes=\"(max-width: 500px) 100vw, 500px\" \/><\/a>\n\t\t\t<\/div>\n\t\t\t\t<figcaption class='wp-caption-text gallery-caption' id='gallery-1-904'>\n\t\t\t\tSUNFLEX HOBBY MASA TEN\u0130S\u0130 RAKET\u0130\n\t\t\t\t<\/figcaption><\/figure><figure class='gallery-item'>\n\t\t\t<div class='gallery-icon landscape'>\n\t\t\t\t<a href='https:\/\/www.ozbekspor.com\/wp-content\/uploads\/sunflex-prime-s10-masa-tenisi-raketi-10304s-1.jpg'><img width=\"500\" height=\"500\" src=\"https:\/\/www.ozbekspor.com\/wp-content\/uploads\/sunflex-prime-s10-masa-tenisi-raketi-10304s-1-500x500.jpg\" class=\"attachment-thumbnail size-thumbnail\" alt=\"\" loading=\"lazy\" aria-describedby=\"gallery-1-900\" srcset=\"https:\/\/www.ozbekspor.com\/wp-content\/uploads\/sunflex-prime-s10-masa-tenisi-raketi-10304s-1-500x500.jpg 500w, https:\/\/www.ozbekspor.com\/wp-content\/uploads\/sunflex-prime-s10-masa-tenisi-raketi-10304s-1-800x800.jpg 800w, https:\/\/www.ozbekspor.com\/wp-content\/uploads\/sunflex-prime-s10-masa-tenisi-raketi-10304s-1-768x768.jpg 768w, https:\/\/www.ozbekspor.com\/wp-content\/uploads\/sunflex-prime-s10-masa-tenisi-raketi-10304s-1-300x300.jpg 300w, https:\/\/www.ozbekspor.com\/wp-content\/uploads\/sunflex-prime-s10-masa-tenisi-raketi-10304s-1-600x600.jpg 600w, https:\/\/www.ozbekspor.com\/wp-content\/uploads\/sunflex-prime-s10-masa-tenisi-raketi-10304s-1-100x100.jpg 100w, https:\/\/www.ozbekspor.com\/wp-content\/uploads\/sunflex-prime-s10-masa-tenisi-raketi-10304s-1.jpg 1000w\" sizes=\"(max-width: 500px) 100vw, 500px\" \/><\/a>\n\t\t\t<\/div>\n\t\t\t\t<figcaption class='wp-caption-text gallery-caption' id='gallery-1-900'>\n\t\t\t\t\u00d6S-10308S SUNFLEX ATOMIC C15 MASA TEN\u0130S\u0130 RAKET\u0130 \n\t\t\t\t<\/figcaption><\/figure><figure class='gallery-item'>\n\t\t\t<div class='gallery-icon landscape'>\n\t\t\t\t<a href='https:\/\/www.ozbekspor.com\/wp-content\/uploads\/sunflexexpertonmasatenisiraketissiyahstandart_129522919.jpg'><img width=\"500\" height=\"500\" src=\"https:\/\/www.ozbekspor.com\/wp-content\/uploads\/sunflexexpertonmasatenisiraketissiyahstandart_129522919-500x500.jpg\" class=\"attachment-thumbnail size-thumbnail\" alt=\"\" loading=\"lazy\" aria-describedby=\"gallery-1-901\" srcset=\"https:\/\/www.ozbekspor.com\/wp-content\/uploads\/sunflexexpertonmasatenisiraketissiyahstandart_129522919-500x500.jpg 500w, https:\/\/www.ozbekspor.com\/wp-content\/uploads\/sunflexexpertonmasatenisiraketissiyahstandart_129522919-800x800.jpg 800w, https:\/\/www.ozbekspor.com\/wp-content\/uploads\/sunflexexpertonmasatenisiraketissiyahstandart_129522919-768x768.jpg 768w, https:\/\/www.ozbekspor.com\/wp-content\/uploads\/sunflexexpertonmasatenisiraketissiyahstandart_129522919-300x300.jpg 300w, https:\/\/www.ozbekspor.com\/wp-content\/uploads\/sunflexexpertonmasatenisiraketissiyahstandart_129522919-600x600.jpg 600w, https:\/\/www.ozbekspor.com\/wp-content\/uploads\/sunflexexpertonmasatenisiraketissiyahstandart_129522919-100x100.jpg 100w, https:\/\/www.ozbekspor.com\/wp-content\/uploads\/sunflexexpertonmasatenisiraketissiyahstandart_129522919.jpg 1000w\" sizes=\"(max-width: 500px) 100vw, 500px\" \/><\/a>\n\t\t\t<\/div>\n\t\t\t\t<figcaption class='wp-caption-text gallery-caption' id='gallery-1-901'>\n\t\t\t\t\u00d6S-10325S SUNFLEX EXPERT ON MASA TEN\u0130S\u0130 RAKET\u0130 \n\t\t\t\t<\/figcaption><\/figure>\n\t\t<\/div>\n\n","protected":false},"excerpt":{"rendered":"","protected":false},"featured_media":904,"template":"","meta":[],"_links":{"self":[{"href":"https:\/\/www.ozbekspor.com\/index.php?rest_route=\/wp\/v2\/product\/899"}],"collection":[{"href":"https:\/\/www.ozbekspor.com\/index.php?rest_route=\/wp\/v2\/product"}],"about":[{"href":"https:\/\/www.ozbekspor.com\/index.php?rest_route=\/wp\/v2\/types\/product"}],"wp:featuredmedia":[{"embeddable":true,"href":"https:\/\/www.ozbekspor.com\/index.php?rest_route=\/wp\/v2\/media\/904"}],"wp:attachment":[{"href":"https:\/\/www.ozbekspor.com\/index.php?rest_route=%2Fwp%2Fv2%2Fmedia&parent=899"}],"curies":[{"name":"wp","href":"https:\/\/api.w.org\/{rel}","templated":true}]}}