{"id":582,"date":"2020-01-27T11:01:04","date_gmt":"2020-01-27T11:01:04","guid":{"rendered":"https:\/\/www.ozbekspor.com\/?post_type=product&#038;p=582"},"modified":"2021-01-21T10:45:47","modified_gmt":"2021-01-21T10:45:47","slug":"avessa-voleybol-toplari","status":"publish","type":"product","link":"https:\/\/www.ozbekspor.com\/?product=avessa-voleybol-toplari","title":{"rendered":"Voleybol Toplar\u0131 &#8211; Di\u011fer"},"content":{"rendered":"<div id='gallery-1' class='gallery galleryid-582 gallery-columns-4 gallery-size-thumbnail'><figure class='gallery-item'>\n\t\t\t<div class='gallery-icon landscape'>\n\t\t\t\t<a href='https:\/\/www.ozbekspor.com\/?attachment_id=588#main'><img width=\"500\" height=\"500\" src=\"https:\/\/www.ozbekspor.com\/wp-content\/uploads\/avessa-fosforlu-voleybol-topu-vm-pvc-y5n__0825566193442935-500x500.jpg\" class=\"attachment-thumbnail size-thumbnail\" alt=\"\" loading=\"lazy\" aria-describedby=\"gallery-1-588\" srcset=\"https:\/\/www.ozbekspor.com\/wp-content\/uploads\/avessa-fosforlu-voleybol-topu-vm-pvc-y5n__0825566193442935-500x500.jpg 500w, https:\/\/www.ozbekspor.com\/wp-content\/uploads\/avessa-fosforlu-voleybol-topu-vm-pvc-y5n__0825566193442935-800x800.jpg 800w, https:\/\/www.ozbekspor.com\/wp-content\/uploads\/avessa-fosforlu-voleybol-topu-vm-pvc-y5n__0825566193442935-768x768.jpg 768w, https:\/\/www.ozbekspor.com\/wp-content\/uploads\/avessa-fosforlu-voleybol-topu-vm-pvc-y5n__0825566193442935-300x300.jpg 300w, https:\/\/www.ozbekspor.com\/wp-content\/uploads\/avessa-fosforlu-voleybol-topu-vm-pvc-y5n__0825566193442935-600x600.jpg 600w, https:\/\/www.ozbekspor.com\/wp-content\/uploads\/avessa-fosforlu-voleybol-topu-vm-pvc-y5n__0825566193442935-100x100.jpg 100w, https:\/\/www.ozbekspor.com\/wp-content\/uploads\/avessa-fosforlu-voleybol-topu-vm-pvc-y5n__0825566193442935.jpg 1000w\" sizes=\"(max-width: 500px) 100vw, 500px\" \/><\/a>\n\t\t\t<\/div>\n\t\t\t\t<figcaption class='wp-caption-text gallery-caption' id='gallery-1-588'>\n\t\t\t\t\u00d6S-VMPVCY5 AVESSA FOSFORLU VOLEYBOL TOPU\n\t\t\t\t<\/figcaption><\/figure><figure class='gallery-item'>\n\t\t\t<div class='gallery-icon landscape'>\n\t\t\t\t<a href='https:\/\/www.ozbekspor.com\/?attachment_id=587#main'><img width=\"500\" height=\"500\" src=\"https:\/\/www.ozbekspor.com\/wp-content\/uploads\/avessaplatinvoleyboltopu_138134422-500x500.jpg\" class=\"attachment-thumbnail size-thumbnail\" alt=\"\" loading=\"lazy\" aria-describedby=\"gallery-1-587\" srcset=\"https:\/\/www.ozbekspor.com\/wp-content\/uploads\/avessaplatinvoleyboltopu_138134422-500x500.jpg 500w, https:\/\/www.ozbekspor.com\/wp-content\/uploads\/avessaplatinvoleyboltopu_138134422-800x800.jpg 800w, https:\/\/www.ozbekspor.com\/wp-content\/uploads\/avessaplatinvoleyboltopu_138134422-768x768.jpg 768w, https:\/\/www.ozbekspor.com\/wp-content\/uploads\/avessaplatinvoleyboltopu_138134422-300x300.jpg 300w, https:\/\/www.ozbekspor.com\/wp-content\/uploads\/avessaplatinvoleyboltopu_138134422-600x600.jpg 600w, https:\/\/www.ozbekspor.com\/wp-content\/uploads\/avessaplatinvoleyboltopu_138134422-100x100.jpg 100w, https:\/\/www.ozbekspor.com\/wp-content\/uploads\/avessaplatinvoleyboltopu_138134422.jpg 1000w\" sizes=\"(max-width: 500px) 100vw, 500px\" \/><\/a>\n\t\t\t<\/div>\n\t\t\t\t<figcaption class='wp-caption-text gallery-caption' id='gallery-1-587'>\n\t\t\t\tAVESSA GOLD PLUS ANTRENMAN VOLEYBOL TOPU\n\t\t\t\t<\/figcaption><\/figure><figure class='gallery-item'>\n\t\t\t<div class='gallery-icon landscape'>\n\t\t\t\t<a href='https:\/\/www.ozbekspor.com\/?attachment_id=586#main'><img width=\"500\" height=\"500\" src=\"https:\/\/www.ozbekspor.com\/wp-content\/uploads\/IMG_7109-500x500.jpg\" class=\"attachment-thumbnail size-thumbnail\" alt=\"\" loading=\"lazy\" aria-describedby=\"gallery-1-586\" srcset=\"https:\/\/www.ozbekspor.com\/wp-content\/uploads\/IMG_7109-500x500.jpg 500w, https:\/\/www.ozbekspor.com\/wp-content\/uploads\/IMG_7109-800x800.jpg 800w, https:\/\/www.ozbekspor.com\/wp-content\/uploads\/IMG_7109-768x768.jpg 768w, https:\/\/www.ozbekspor.com\/wp-content\/uploads\/IMG_7109-300x300.jpg 300w, https:\/\/www.ozbekspor.com\/wp-content\/uploads\/IMG_7109-600x600.jpg 600w, https:\/\/www.ozbekspor.com\/wp-content\/uploads\/IMG_7109-100x100.jpg 100w, https:\/\/www.ozbekspor.com\/wp-content\/uploads\/IMG_7109.jpg 1000w\" sizes=\"(max-width: 500px) 100vw, 500px\" \/><\/a>\n\t\t\t<\/div>\n\t\t\t\t<figcaption class='wp-caption-text gallery-caption' id='gallery-1-586'>\n\t\t\t\t\u00d6S-VL400 AVESSA 8 PANEL SOFT TOUCH VOLEYBOL TOPU YAPI\u015eTIRMA\n\t\t\t\t<\/figcaption><\/figure><figure class='gallery-item'>\n\t\t\t<div class='gallery-icon landscape'>\n\t\t\t\t<a href='https:\/\/www.ozbekspor.com\/?attachment_id=585#main'><img width=\"500\" height=\"500\" src=\"https:\/\/www.ozbekspor.com\/wp-content\/uploads\/Avessa-Soft-Touch-Voleybol-Topu-resim-2963-500x500.jpg\" class=\"attachment-thumbnail size-thumbnail\" alt=\"\" loading=\"lazy\" aria-describedby=\"gallery-1-585\" srcset=\"https:\/\/www.ozbekspor.com\/wp-content\/uploads\/Avessa-Soft-Touch-Voleybol-Topu-resim-2963-500x500.jpg 500w, https:\/\/www.ozbekspor.com\/wp-content\/uploads\/Avessa-Soft-Touch-Voleybol-Topu-resim-2963-800x800.jpg 800w, https:\/\/www.ozbekspor.com\/wp-content\/uploads\/Avessa-Soft-Touch-Voleybol-Topu-resim-2963-768x768.jpg 768w, https:\/\/www.ozbekspor.com\/wp-content\/uploads\/Avessa-Soft-Touch-Voleybol-Topu-resim-2963-300x300.jpg 300w, https:\/\/www.ozbekspor.com\/wp-content\/uploads\/Avessa-Soft-Touch-Voleybol-Topu-resim-2963-600x600.jpg 600w, https:\/\/www.ozbekspor.com\/wp-content\/uploads\/Avessa-Soft-Touch-Voleybol-Topu-resim-2963-100x100.jpg 100w, https:\/\/www.ozbekspor.com\/wp-content\/uploads\/Avessa-Soft-Touch-Voleybol-Topu-resim-2963.jpg 1000w\" sizes=\"(max-width: 500px) 100vw, 500px\" \/><\/a>\n\t\t\t<\/div>\n\t\t\t\t<figcaption class='wp-caption-text gallery-caption' id='gallery-1-585'>\n\t\t\t\t\u00d6S-B3019 AVESSA VOLEYBOL TOPU MAK\u0130NE D\u0130K\u0130\u015eL\u0130\n\t\t\t\t<\/figcaption><\/figure><figure class='gallery-item'>\n\t\t\t<div class='gallery-icon portrait'>\n\t\t\t\t<a href='https:\/\/www.ozbekspor.com\/?attachment_id=584#main'><img width=\"500\" height=\"500\" src=\"https:\/\/www.ozbekspor.com\/wp-content\/uploads\/IMG_7110-500x500.jpg\" class=\"attachment-thumbnail size-thumbnail\" alt=\"\" loading=\"lazy\" aria-describedby=\"gallery-1-584\" srcset=\"https:\/\/www.ozbekspor.com\/wp-content\/uploads\/IMG_7110-500x500.jpg 500w, https:\/\/www.ozbekspor.com\/wp-content\/uploads\/IMG_7110-300x300.jpg 300w, https:\/\/www.ozbekspor.com\/wp-content\/uploads\/IMG_7110-100x100.jpg 100w\" sizes=\"(max-width: 500px) 100vw, 500px\" \/><\/a>\n\t\t\t<\/div>\n\t\t\t\t<figcaption class='wp-caption-text gallery-caption' id='gallery-1-584'>\n\t\t\t\t\u00d6S-B3019 AVESSA VOLEYBOL TOPU MAK\u0130NE D\u0130K\u0130\u015eL\u0130\n\t\t\t\t<\/figcaption><\/figure><figure class='gallery-item'>\n\t\t\t<div class='gallery-icon landscape'>\n\t\t\t\t<a href='https:\/\/www.ozbekspor.com\/?attachment_id=583#main'><img width=\"500\" height=\"500\" src=\"https:\/\/www.ozbekspor.com\/wp-content\/uploads\/423009008_0-500x500.jpg\" class=\"attachment-thumbnail size-thumbnail\" alt=\"\" loading=\"lazy\" aria-describedby=\"gallery-1-583\" srcset=\"https:\/\/www.ozbekspor.com\/wp-content\/uploads\/423009008_0-500x500.jpg 500w, https:\/\/www.ozbekspor.com\/wp-content\/uploads\/423009008_0-800x800.jpg 800w, https:\/\/www.ozbekspor.com\/wp-content\/uploads\/423009008_0-768x768.jpg 768w, https:\/\/www.ozbekspor.com\/wp-content\/uploads\/423009008_0-300x300.jpg 300w, https:\/\/www.ozbekspor.com\/wp-content\/uploads\/423009008_0-600x600.jpg 600w, https:\/\/www.ozbekspor.com\/wp-content\/uploads\/423009008_0-100x100.jpg 100w, https:\/\/www.ozbekspor.com\/wp-content\/uploads\/423009008_0.jpg 1000w\" sizes=\"(max-width: 500px) 100vw, 500px\" \/><\/a>\n\t\t\t<\/div>\n\t\t\t\t<figcaption class='wp-caption-text gallery-caption' id='gallery-1-583'>\n\t\t\t\t\u00d6S-2896 AVESSA BEACH VOLEYBOL TOPU\n\t\t\t\t<\/figcaption><\/figure>\n\t\t<\/div>\n\n","protected":false},"excerpt":{"rendered":"","protected":false},"featured_media":588,"template":"","meta":[],"_links":{"self":[{"href":"https:\/\/www.ozbekspor.com\/index.php?rest_route=\/wp\/v2\/product\/582"}],"collection":[{"href":"https:\/\/www.ozbekspor.com\/index.php?rest_route=\/wp\/v2\/product"}],"about":[{"href":"https:\/\/www.ozbekspor.com\/index.php?rest_route=\/wp\/v2\/types\/product"}],"wp:featuredmedia":[{"embeddable":true,"href":"https:\/\/www.ozbekspor.com\/index.php?rest_route=\/wp\/v2\/media\/588"}],"wp:attachment":[{"href":"https:\/\/www.ozbekspor.com\/index.php?rest_route=%2Fwp%2Fv2%2Fmedia&parent=582"}],"curies":[{"name":"wp","href":"https:\/\/api.w.org\/{rel}","templated":true}]}}