{"id":564,"date":"2020-01-27T10:59:28","date_gmt":"2020-01-27T10:59:28","guid":{"rendered":"https:\/\/www.ozbekspor.com\/?post_type=product&#038;p=564"},"modified":"2021-01-21T10:46:30","modified_gmt":"2021-01-21T10:46:30","slug":"molten-voleybol-toplari","status":"publish","type":"product","link":"https:\/\/www.ozbekspor.com\/?product=molten-voleybol-toplari","title":{"rendered":"Voleybol Toplar\u0131 &#8211; Molten"},"content":{"rendered":"<div id='gallery-1' class='gallery galleryid-564 gallery-columns-4 gallery-size-thumbnail'><figure class='gallery-item'>\n\t\t\t<div class='gallery-icon portrait'>\n\t\t\t\t<a href='https:\/\/www.ozbekspor.com\/?attachment_id=572#main'><img width=\"500\" height=\"500\" src=\"https:\/\/www.ozbekspor.com\/wp-content\/uploads\/molten-1500-voleybol-topu-500x500.jpg\" class=\"attachment-thumbnail size-thumbnail\" alt=\"\" loading=\"lazy\" aria-describedby=\"gallery-1-572\" srcset=\"https:\/\/www.ozbekspor.com\/wp-content\/uploads\/molten-1500-voleybol-topu-500x500.jpg 500w, https:\/\/www.ozbekspor.com\/wp-content\/uploads\/molten-1500-voleybol-topu-300x300.jpg 300w, https:\/\/www.ozbekspor.com\/wp-content\/uploads\/molten-1500-voleybol-topu-100x100.jpg 100w\" sizes=\"(max-width: 500px) 100vw, 500px\" \/><\/a>\n\t\t\t<\/div>\n\t\t\t\t<figcaption class='wp-caption-text gallery-caption' id='gallery-1-572'>\n\t\t\t\t\u00d6S-V5M1500 MOLTEN ANTRENMAN VOLEYBOL TOPU SENT.DER\u0130 MAK\u0130NE D\u0130K\u0130\u015eL\u0130\n\t\t\t\t<\/figcaption><\/figure><figure class='gallery-item'>\n\t\t\t<div class='gallery-icon landscape'>\n\t\t\t\t<a href='https:\/\/www.ozbekspor.com\/?attachment_id=571#main'><img width=\"500\" height=\"500\" src=\"https:\/\/www.ozbekspor.com\/wp-content\/uploads\/molten-1700-voleybol-topu-500x500.jpg\" class=\"attachment-thumbnail size-thumbnail\" alt=\"\" loading=\"lazy\" aria-describedby=\"gallery-1-571\" srcset=\"https:\/\/www.ozbekspor.com\/wp-content\/uploads\/molten-1700-voleybol-topu-500x500.jpg 500w, https:\/\/www.ozbekspor.com\/wp-content\/uploads\/molten-1700-voleybol-topu-800x800.jpg 800w, https:\/\/www.ozbekspor.com\/wp-content\/uploads\/molten-1700-voleybol-topu-768x768.jpg 768w, https:\/\/www.ozbekspor.com\/wp-content\/uploads\/molten-1700-voleybol-topu-300x300.jpg 300w, https:\/\/www.ozbekspor.com\/wp-content\/uploads\/molten-1700-voleybol-topu-600x600.jpg 600w, https:\/\/www.ozbekspor.com\/wp-content\/uploads\/molten-1700-voleybol-topu-100x100.jpg 100w, https:\/\/www.ozbekspor.com\/wp-content\/uploads\/molten-1700-voleybol-topu.jpg 1000w\" sizes=\"(max-width: 500px) 100vw, 500px\" \/><\/a>\n\t\t\t<\/div>\n\t\t\t\t<figcaption class='wp-caption-text gallery-caption' id='gallery-1-571'>\n\t\t\t\t\u00d6S-V5M1700-L MOLTEN ANTRENMAN VOLEYBOL TOPU LIGHT SENT.DER\u0130 MAK\u0130NE D\u0130K\u0130\u015eL\u0130\n\t\t\t\t<\/figcaption><\/figure><figure class='gallery-item'>\n\t\t\t<div class='gallery-icon landscape'>\n\t\t\t\t<a href='https:\/\/www.ozbekspor.com\/?attachment_id=573#main'><img width=\"500\" height=\"500\" src=\"https:\/\/www.ozbekspor.com\/wp-content\/uploads\/molten-2500-voleybol-topu-500x500.jpg\" class=\"attachment-thumbnail size-thumbnail\" alt=\"\" loading=\"lazy\" aria-describedby=\"gallery-1-573\" srcset=\"https:\/\/www.ozbekspor.com\/wp-content\/uploads\/molten-2500-voleybol-topu-500x500.jpg 500w, https:\/\/www.ozbekspor.com\/wp-content\/uploads\/molten-2500-voleybol-topu-800x800.jpg 800w, https:\/\/www.ozbekspor.com\/wp-content\/uploads\/molten-2500-voleybol-topu-768x768.jpg 768w, https:\/\/www.ozbekspor.com\/wp-content\/uploads\/molten-2500-voleybol-topu-300x300.jpg 300w, https:\/\/www.ozbekspor.com\/wp-content\/uploads\/molten-2500-voleybol-topu-600x600.jpg 600w, https:\/\/www.ozbekspor.com\/wp-content\/uploads\/molten-2500-voleybol-topu-100x100.jpg 100w, https:\/\/www.ozbekspor.com\/wp-content\/uploads\/molten-2500-voleybol-topu.jpg 1000w\" sizes=\"(max-width: 500px) 100vw, 500px\" \/><\/a>\n\t\t\t<\/div>\n\t\t\t\t<figcaption class='wp-caption-text gallery-caption' id='gallery-1-573'>\n\t\t\t\t\u00d6S-V5M2500 MOLTEN VOLEYBOL TOPU PU DER\u0130 MAK\u0130NE D\u0130K\u0130\u015eL\u0130 18 PANEL\n\t\t\t\t<\/figcaption><\/figure><figure class='gallery-item'>\n\t\t\t<div class='gallery-icon landscape'>\n\t\t\t\t<a href='https:\/\/www.ozbekspor.com\/?attachment_id=565#main'><img width=\"500\" height=\"500\" src=\"https:\/\/www.ozbekspor.com\/wp-content\/uploads\/molten-5000-voleybol-topu-500x500.jpg\" class=\"attachment-thumbnail size-thumbnail\" alt=\"\" loading=\"lazy\" aria-describedby=\"gallery-1-565\" srcset=\"https:\/\/www.ozbekspor.com\/wp-content\/uploads\/molten-5000-voleybol-topu-500x500.jpg 500w, https:\/\/www.ozbekspor.com\/wp-content\/uploads\/molten-5000-voleybol-topu-800x800.jpg 800w, https:\/\/www.ozbekspor.com\/wp-content\/uploads\/molten-5000-voleybol-topu-768x768.jpg 768w, https:\/\/www.ozbekspor.com\/wp-content\/uploads\/molten-5000-voleybol-topu-300x300.jpg 300w, https:\/\/www.ozbekspor.com\/wp-content\/uploads\/molten-5000-voleybol-topu-600x600.jpg 600w, https:\/\/www.ozbekspor.com\/wp-content\/uploads\/molten-5000-voleybol-topu-100x100.jpg 100w, https:\/\/www.ozbekspor.com\/wp-content\/uploads\/molten-5000-voleybol-topu.jpg 1000w\" sizes=\"(max-width: 500px) 100vw, 500px\" \/><\/a>\n\t\t\t<\/div>\n\t\t\t\t<figcaption class='wp-caption-text gallery-caption' id='gallery-1-565'>\n\t\t\t\t\u00d6S-V5M5000 MOLTEN VOLEYBOL MA\u00c7 TOPU PU DER\u0130 FLASTATEC TECH.18 PANEL FIVB \n\t\t\t\t<\/figcaption><\/figure><figure class='gallery-item'>\n\t\t\t<div class='gallery-icon landscape'>\n\t\t\t\t<a href='https:\/\/www.ozbekspor.com\/?attachment_id=570#main'><img width=\"500\" height=\"500\" src=\"https:\/\/www.ozbekspor.com\/wp-content\/uploads\/molten-voleybol-topu-kolaj-500x500.jpg\" class=\"attachment-thumbnail size-thumbnail\" alt=\"\" loading=\"lazy\" aria-describedby=\"gallery-1-570\" srcset=\"https:\/\/www.ozbekspor.com\/wp-content\/uploads\/molten-voleybol-topu-kolaj-500x500.jpg 500w, https:\/\/www.ozbekspor.com\/wp-content\/uploads\/molten-voleybol-topu-kolaj-300x300.jpg 300w, https:\/\/www.ozbekspor.com\/wp-content\/uploads\/molten-voleybol-topu-kolaj-100x100.jpg 100w\" sizes=\"(max-width: 500px) 100vw, 500px\" \/><\/a>\n\t\t\t<\/div>\n\t\t\t\t<figcaption class='wp-caption-text gallery-caption' id='gallery-1-570'>\n\t\t\t\tMOLTEN VOLEYBOL TOP MODELLER\u0130\n\t\t\t\t<\/figcaption><\/figure><figure class='gallery-item'>\n\t\t\t<div class='gallery-icon landscape'>\n\t\t\t\t<a href='https:\/\/www.ozbekspor.com\/?attachment_id=578#main'><img width=\"500\" height=\"500\" src=\"https:\/\/www.ozbekspor.com\/wp-content\/uploads\/molten-voelybol-topu-kolaj-2-500x500.jpg\" class=\"attachment-thumbnail size-thumbnail\" alt=\"\" loading=\"lazy\" aria-describedby=\"gallery-1-578\" srcset=\"https:\/\/www.ozbekspor.com\/wp-content\/uploads\/molten-voelybol-topu-kolaj-2-500x500.jpg 500w, https:\/\/www.ozbekspor.com\/wp-content\/uploads\/molten-voelybol-topu-kolaj-2-800x800.jpg 800w, https:\/\/www.ozbekspor.com\/wp-content\/uploads\/molten-voelybol-topu-kolaj-2-768x768.jpg 768w, https:\/\/www.ozbekspor.com\/wp-content\/uploads\/molten-voelybol-topu-kolaj-2-300x300.jpg 300w, https:\/\/www.ozbekspor.com\/wp-content\/uploads\/molten-voelybol-topu-kolaj-2-600x600.jpg 600w, https:\/\/www.ozbekspor.com\/wp-content\/uploads\/molten-voelybol-topu-kolaj-2-100x100.jpg 100w, https:\/\/www.ozbekspor.com\/wp-content\/uploads\/molten-voelybol-topu-kolaj-2.jpg 1000w\" sizes=\"(max-width: 500px) 100vw, 500px\" \/><\/a>\n\t\t\t<\/div>\n\t\t\t\t<figcaption class='wp-caption-text gallery-caption' id='gallery-1-578'>\n\t\t\t\tMOLTEN VOLEYBOL TOP MODELLER\u0130\n\t\t\t\t<\/figcaption><\/figure><figure class='gallery-item'>\n\t\t\t<div class='gallery-icon landscape'>\n\t\t\t\t<a href='https:\/\/www.ozbekspor.com\/?attachment_id=577#main'><img width=\"500\" height=\"500\" src=\"https:\/\/www.ozbekspor.com\/wp-content\/uploads\/molten-voelybol-topu-kolaj-3-500x500.jpg\" class=\"attachment-thumbnail size-thumbnail\" alt=\"\" loading=\"lazy\" aria-describedby=\"gallery-1-577\" srcset=\"https:\/\/www.ozbekspor.com\/wp-content\/uploads\/molten-voelybol-topu-kolaj-3-500x500.jpg 500w, https:\/\/www.ozbekspor.com\/wp-content\/uploads\/molten-voelybol-topu-kolaj-3-800x800.jpg 800w, https:\/\/www.ozbekspor.com\/wp-content\/uploads\/molten-voelybol-topu-kolaj-3-768x768.jpg 768w, https:\/\/www.ozbekspor.com\/wp-content\/uploads\/molten-voelybol-topu-kolaj-3-300x300.jpg 300w, https:\/\/www.ozbekspor.com\/wp-content\/uploads\/molten-voelybol-topu-kolaj-3-600x600.jpg 600w, https:\/\/www.ozbekspor.com\/wp-content\/uploads\/molten-voelybol-topu-kolaj-3-100x100.jpg 100w, https:\/\/www.ozbekspor.com\/wp-content\/uploads\/molten-voelybol-topu-kolaj-3.jpg 1000w\" sizes=\"(max-width: 500px) 100vw, 500px\" \/><\/a>\n\t\t\t<\/div>\n\t\t\t\t<figcaption class='wp-caption-text gallery-caption' id='gallery-1-577'>\n\t\t\t\tMOLTEN VOLEYBOL TOP MODELLER\u0130\n\t\t\t\t<\/figcaption><\/figure><figure class='gallery-item'>\n\t\t\t<div class='gallery-icon landscape'>\n\t\t\t\t<a href='https:\/\/www.ozbekspor.com\/?attachment_id=579#main'><img width=\"500\" height=\"500\" src=\"https:\/\/www.ozbekspor.com\/wp-content\/uploads\/molten-top-c\u0327antas\u0131-top-go\u0308rselli-500x500.jpg\" class=\"attachment-thumbnail size-thumbnail\" alt=\"\" loading=\"lazy\" aria-describedby=\"gallery-1-579\" srcset=\"https:\/\/www.ozbekspor.com\/wp-content\/uploads\/molten-top-c\u0327antas\u0131-top-go\u0308rselli-500x500.jpg 500w, https:\/\/www.ozbekspor.com\/wp-content\/uploads\/molten-top-c\u0327antas\u0131-top-go\u0308rselli-300x300.jpg 300w, https:\/\/www.ozbekspor.com\/wp-content\/uploads\/molten-top-c\u0327antas\u0131-top-go\u0308rselli-100x100.jpg 100w\" sizes=\"(max-width: 500px) 100vw, 500px\" \/><\/a>\n\t\t\t<\/div>\n\t\t\t\t<figcaption class='wp-caption-text gallery-caption' id='gallery-1-579'>\n\t\t\t\t\u00d6S-EK0046-B MOLTEN VOLEYBOL TOP \u00c7ANTASI\n\t\t\t\t<\/figcaption><\/figure><figure class='gallery-item'>\n\t\t\t<div class='gallery-icon landscape'>\n\t\t\t\t<a href='https:\/\/www.ozbekspor.com\/?attachment_id=568#main'><img width=\"500\" height=\"500\" src=\"https:\/\/www.ozbekspor.com\/wp-content\/uploads\/molten-top-c\u0327antas\u0131-500x500.jpg\" class=\"attachment-thumbnail size-thumbnail\" alt=\"\" loading=\"lazy\" aria-describedby=\"gallery-1-568\" srcset=\"https:\/\/www.ozbekspor.com\/wp-content\/uploads\/molten-top-c\u0327antas\u0131-500x500.jpg 500w, https:\/\/www.ozbekspor.com\/wp-content\/uploads\/molten-top-c\u0327antas\u0131-300x300.jpg 300w, https:\/\/www.ozbekspor.com\/wp-content\/uploads\/molten-top-c\u0327antas\u0131-100x100.jpg 100w\" sizes=\"(max-width: 500px) 100vw, 500px\" \/><\/a>\n\t\t\t<\/div>\n\t\t\t\t<figcaption class='wp-caption-text gallery-caption' id='gallery-1-568'>\n\t\t\t\t\u00d6S-EK0046-B MOLTEN VOLEYBOL TOP \u00c7ANTASI\n\t\t\t\t<\/figcaption><\/figure><figure class='gallery-item'>\n\t\t\t<div class='gallery-icon landscape'>\n\t\t\t\t<a href='https:\/\/www.ozbekspor.com\/?attachment_id=567#main'><img width=\"500\" height=\"500\" src=\"https:\/\/www.ozbekspor.com\/wp-content\/uploads\/molten-voleybol-taktik-c\u0327antas\u0131-1-500x500.jpg\" class=\"attachment-thumbnail size-thumbnail\" alt=\"\" loading=\"lazy\" aria-describedby=\"gallery-1-567\" srcset=\"https:\/\/www.ozbekspor.com\/wp-content\/uploads\/molten-voleybol-taktik-c\u0327antas\u0131-1-500x500.jpg 500w, https:\/\/www.ozbekspor.com\/wp-content\/uploads\/molten-voleybol-taktik-c\u0327antas\u0131-1-800x800.jpg 800w, https:\/\/www.ozbekspor.com\/wp-content\/uploads\/molten-voleybol-taktik-c\u0327antas\u0131-1-768x768.jpg 768w, https:\/\/www.ozbekspor.com\/wp-content\/uploads\/molten-voleybol-taktik-c\u0327antas\u0131-1-300x300.jpg 300w, https:\/\/www.ozbekspor.com\/wp-content\/uploads\/molten-voleybol-taktik-c\u0327antas\u0131-1-600x600.jpg 600w, https:\/\/www.ozbekspor.com\/wp-content\/uploads\/molten-voleybol-taktik-c\u0327antas\u0131-1-100x100.jpg 100w, https:\/\/www.ozbekspor.com\/wp-content\/uploads\/molten-voleybol-taktik-c\u0327antas\u0131-1.jpg 1000w\" sizes=\"(max-width: 500px) 100vw, 500px\" \/><\/a>\n\t\t\t<\/div>\n\t\t\t\t<figcaption class='wp-caption-text gallery-caption' id='gallery-1-567'>\n\t\t\t\t\u00d6S-MSBV MOLTEN TAKT\u0130K \u00c7ANTASI\n\t\t\t\t<\/figcaption><\/figure><figure class='gallery-item'>\n\t\t\t<div class='gallery-icon landscape'>\n\t\t\t\t<a href='https:\/\/www.ozbekspor.com\/?attachment_id=576#main'><img width=\"500\" height=\"500\" src=\"https:\/\/www.ozbekspor.com\/wp-content\/uploads\/molten-voleybol-dizlig\u0306i-500x500.jpg\" class=\"attachment-thumbnail size-thumbnail\" alt=\"\" loading=\"lazy\" aria-describedby=\"gallery-1-576\" srcset=\"https:\/\/www.ozbekspor.com\/wp-content\/uploads\/molten-voleybol-dizlig\u0306i-500x500.jpg 500w, https:\/\/www.ozbekspor.com\/wp-content\/uploads\/molten-voleybol-dizlig\u0306i-800x800.jpg 800w, https:\/\/www.ozbekspor.com\/wp-content\/uploads\/molten-voleybol-dizlig\u0306i-768x768.jpg 768w, https:\/\/www.ozbekspor.com\/wp-content\/uploads\/molten-voleybol-dizlig\u0306i-300x300.jpg 300w, https:\/\/www.ozbekspor.com\/wp-content\/uploads\/molten-voleybol-dizlig\u0306i-600x600.jpg 600w, https:\/\/www.ozbekspor.com\/wp-content\/uploads\/molten-voleybol-dizlig\u0306i-100x100.jpg 100w, https:\/\/www.ozbekspor.com\/wp-content\/uploads\/molten-voleybol-dizlig\u0306i.jpg 1000w\" sizes=\"(max-width: 500px) 100vw, 500px\" \/><\/a>\n\t\t\t<\/div>\n\t\t\t\t<figcaption class='wp-caption-text gallery-caption' id='gallery-1-576'>\n\t\t\t\t\u00d6S-MOLNP01 MOLTEN VOLEYBOL D\u0130ZL\u0130\u011e\u0130\n\t\t\t\t<\/figcaption><\/figure><figure class='gallery-item'>\n\t\t\t<div class='gallery-icon landscape'>\n\t\t\t\t<a href='https:\/\/www.ozbekspor.com\/?attachment_id=580#main'><img width=\"500\" height=\"500\" src=\"https:\/\/www.ozbekspor.com\/wp-content\/uploads\/molten-voleybol-dizlig\u0306i-2-500x500.jpg\" class=\"attachment-thumbnail size-thumbnail\" alt=\"\" loading=\"lazy\" aria-describedby=\"gallery-1-580\" srcset=\"https:\/\/www.ozbekspor.com\/wp-content\/uploads\/molten-voleybol-dizlig\u0306i-2-500x500.jpg 500w, https:\/\/www.ozbekspor.com\/wp-content\/uploads\/molten-voleybol-dizlig\u0306i-2-800x800.jpg 800w, https:\/\/www.ozbekspor.com\/wp-content\/uploads\/molten-voleybol-dizlig\u0306i-2-768x768.jpg 768w, https:\/\/www.ozbekspor.com\/wp-content\/uploads\/molten-voleybol-dizlig\u0306i-2-300x300.jpg 300w, https:\/\/www.ozbekspor.com\/wp-content\/uploads\/molten-voleybol-dizlig\u0306i-2-600x600.jpg 600w, https:\/\/www.ozbekspor.com\/wp-content\/uploads\/molten-voleybol-dizlig\u0306i-2-100x100.jpg 100w, https:\/\/www.ozbekspor.com\/wp-content\/uploads\/molten-voleybol-dizlig\u0306i-2.jpg 1000w\" sizes=\"(max-width: 500px) 100vw, 500px\" \/><\/a>\n\t\t\t<\/div>\n\t\t\t\t<figcaption class='wp-caption-text gallery-caption' id='gallery-1-580'>\n\t\t\t\t\u00d6S-MOLNP02 MOLTEN VOLEYBOL D\u0130ZL\u0130\u011e\u0130\n\t\t\t\t<\/figcaption><\/figure><figure class='gallery-item'>\n\t\t\t<div class='gallery-icon landscape'>\n\t\t\t\t<a href='https:\/\/www.ozbekspor.com\/?attachment_id=569#main'><img width=\"500\" height=\"500\" src=\"https:\/\/www.ozbekspor.com\/wp-content\/uploads\/molten-1502-beach-voleybol-topu-3-500x500.jpg\" class=\"attachment-thumbnail size-thumbnail\" alt=\"\" loading=\"lazy\" aria-describedby=\"gallery-1-569\" srcset=\"https:\/\/www.ozbekspor.com\/wp-content\/uploads\/molten-1502-beach-voleybol-topu-3-500x500.jpg 500w, https:\/\/www.ozbekspor.com\/wp-content\/uploads\/molten-1502-beach-voleybol-topu-3-800x800.jpg 800w, https:\/\/www.ozbekspor.com\/wp-content\/uploads\/molten-1502-beach-voleybol-topu-3-768x768.jpg 768w, https:\/\/www.ozbekspor.com\/wp-content\/uploads\/molten-1502-beach-voleybol-topu-3-300x300.jpg 300w, https:\/\/www.ozbekspor.com\/wp-content\/uploads\/molten-1502-beach-voleybol-topu-3-600x600.jpg 600w, https:\/\/www.ozbekspor.com\/wp-content\/uploads\/molten-1502-beach-voleybol-topu-3-100x100.jpg 100w, https:\/\/www.ozbekspor.com\/wp-content\/uploads\/molten-1502-beach-voleybol-topu-3.jpg 1000w\" sizes=\"(max-width: 500px) 100vw, 500px\" \/><\/a>\n\t\t\t<\/div>\n\t\t\t\t<figcaption class='wp-caption-text gallery-caption' id='gallery-1-569'>\n\t\t\t\t\u00d6S-V5B1502-C MOLTEN BEACH VOLEYBOL TOPU PU DER\u0130 MAK\u0130NE D\u0130K\u0130\u015eL\u0130\n\t\t\t\t<\/figcaption><\/figure><figure class='gallery-item'>\n\t\t\t<div class='gallery-icon portrait'>\n\t\t\t\t<a href='https:\/\/www.ozbekspor.com\/?attachment_id=575#main'><img width=\"500\" height=\"500\" src=\"https:\/\/www.ozbekspor.com\/wp-content\/uploads\/molten-beachvolleyball-500x500.jpg\" class=\"attachment-thumbnail size-thumbnail\" alt=\"\" loading=\"lazy\" aria-describedby=\"gallery-1-575\" srcset=\"https:\/\/www.ozbekspor.com\/wp-content\/uploads\/molten-beachvolleyball-500x500.jpg 500w, https:\/\/www.ozbekspor.com\/wp-content\/uploads\/molten-beachvolleyball-300x300.jpg 300w, https:\/\/www.ozbekspor.com\/wp-content\/uploads\/molten-beachvolleyball-100x100.jpg 100w\" sizes=\"(max-width: 500px) 100vw, 500px\" \/><\/a>\n\t\t\t<\/div>\n\t\t\t\t<figcaption class='wp-caption-text gallery-caption' id='gallery-1-575'>\n\t\t\t\t\u00d6S-V5B1502-O MOLTEN BEACH VOLEYBOL TOPU PU DER\u0130 MAK\u0130NE D\u0130K\u0130\u015eL\u0130\n\t\t\t\t<\/figcaption><\/figure><figure class='gallery-item'>\n\t\t\t<div class='gallery-icon landscape'>\n\t\t\t\t<a href='https:\/\/www.ozbekspor.com\/?attachment_id=574#main'><img width=\"500\" height=\"500\" src=\"https:\/\/www.ozbekspor.com\/wp-content\/uploads\/molten-1502-beach-voleybol-topu-500x500.jpg\" class=\"attachment-thumbnail size-thumbnail\" alt=\"\" loading=\"lazy\" aria-describedby=\"gallery-1-574\" srcset=\"https:\/\/www.ozbekspor.com\/wp-content\/uploads\/molten-1502-beach-voleybol-topu-500x500.jpg 500w, https:\/\/www.ozbekspor.com\/wp-content\/uploads\/molten-1502-beach-voleybol-topu-800x800.jpg 800w, https:\/\/www.ozbekspor.com\/wp-content\/uploads\/molten-1502-beach-voleybol-topu-768x768.jpg 768w, https:\/\/www.ozbekspor.com\/wp-content\/uploads\/molten-1502-beach-voleybol-topu-300x300.jpg 300w, https:\/\/www.ozbekspor.com\/wp-content\/uploads\/molten-1502-beach-voleybol-topu-600x600.jpg 600w, https:\/\/www.ozbekspor.com\/wp-content\/uploads\/molten-1502-beach-voleybol-topu-100x100.jpg 100w, https:\/\/www.ozbekspor.com\/wp-content\/uploads\/molten-1502-beach-voleybol-topu.jpg 1000w\" sizes=\"(max-width: 500px) 100vw, 500px\" \/><\/a>\n\t\t\t<\/div>\n\t\t\t\t<figcaption class='wp-caption-text gallery-caption' id='gallery-1-574'>\n\t\t\t\t\u00d6S-V5B1502-L MOLTEN BEACH VOLEYBOL TOPU PU DER\u0130 MAK\u0130NE D\u0130K\u0130\u015eL\u0130\n\t\t\t\t<\/figcaption><\/figure><figure class='gallery-item'>\n\t\t\t<div class='gallery-icon landscape'>\n\t\t\t\t<a href='https:\/\/www.ozbekspor.com\/?attachment_id=581#main'><img width=\"500\" height=\"500\" src=\"https:\/\/www.ozbekspor.com\/wp-content\/uploads\/molten-mac\u0327-topu-500x500.jpg\" class=\"attachment-thumbnail size-thumbnail\" alt=\"\" loading=\"lazy\" aria-describedby=\"gallery-1-581\" srcset=\"https:\/\/www.ozbekspor.com\/wp-content\/uploads\/molten-mac\u0327-topu-500x500.jpg 500w, https:\/\/www.ozbekspor.com\/wp-content\/uploads\/molten-mac\u0327-topu-800x800.jpg 800w, https:\/\/www.ozbekspor.com\/wp-content\/uploads\/molten-mac\u0327-topu-768x768.jpg 768w, https:\/\/www.ozbekspor.com\/wp-content\/uploads\/molten-mac\u0327-topu-300x300.jpg 300w, https:\/\/www.ozbekspor.com\/wp-content\/uploads\/molten-mac\u0327-topu-600x600.jpg 600w, https:\/\/www.ozbekspor.com\/wp-content\/uploads\/molten-mac\u0327-topu-100x100.jpg 100w, https:\/\/www.ozbekspor.com\/wp-content\/uploads\/molten-mac\u0327-topu.jpg 1000w\" sizes=\"(max-width: 500px) 100vw, 500px\" \/><\/a>\n\t\t\t<\/div>\n\t\t\t\t<figcaption class='wp-caption-text gallery-caption' id='gallery-1-581'>\n\t\t\t\t\u00d6S-5000 MOLTEN VOLEYBOL TOPU\n\t\t\t\t<\/figcaption><\/figure>\n\t\t<\/div>\n\n","protected":false},"excerpt":{"rendered":"<p><strong>Voleybol toplar\u0131<\/strong>, bu e\u011flenceli ve sa\u011fl\u0131kl\u0131 sporu yapabilmek i\u00e7in gerekli ba\u015fl\u0131ca gere\u00e7lerdendir. Voleybol elbette ki arkada\u015flar aras\u0131nda herhangi bir topla da e\u011flenmek i\u00e7in oynanabilir ama salon oyunu olarak oynand\u0131\u011f\u0131ndan profesyonel \u00e7izgiye sahip bir top gerektirir. \u00d6zel tasarlanm\u0131\u015f bu \u00fcr\u00fcnler, oyun s\u0131ras\u0131nda olu\u015fabilecek olumsuzluklardan da oyuncuyu korur. <strong>Voleybol toplar\u0131<\/strong> y\u00fcksek kaliteleriyle a\u015f\u0131r\u0131 g\u00fc\u00e7 sarf ettirmeden, elleri ve kollar\u0131 sakatlamadan oyunu zevkle oynaman\u0131z\u0131 sa\u011flarlar.<\/p>\n<p><strong>Molten Voleybol Topu<\/strong><\/p>\n<p>Molten markas\u0131, 1958 den beri spor ekipmanlar\u0131 \u00fcreten Hiroshima temelli bir Japon firmas\u0131d\u0131r. Altyap\u0131s\u0131nda bulunan t\u00fcm teknolojik unsurlar\u0131, \u00fcretti\u011fi par\u00e7alara yans\u0131tarak, elde etti\u011fi \u00fcr\u00fcnlerin y\u00fcksek kaliteye sahip olmas\u0131n\u0131 sa\u011flar. Molten marka \u00fcr\u00fcnler, piyasadaki benzerlerinden, \u00fcretim a\u015famas\u0131ndaki titizlikleri ve uzun s\u00fcreli kullan\u0131mlar\u0131yla ayr\u0131l\u0131rlar. <strong>Voleybol topunun<\/strong> otoritelerce belirlenen baz\u0131 standartlar\u0131 vard\u0131r. Top; i\u00e7inde lastik veya benzer maddeden bir kese bulundurmal\u0131, esnek deri ya da sentetik deriden yap\u0131lm\u0131\u015f olmal\u0131d\u0131r. Bi\u00e7imi di\u011fer sporlarda kullan\u0131lan toplar gibi eliptik veya kutupsal bas\u0131k de\u011fil, k\u00fcresel olmal\u0131d\u0131r. Renkte farkl\u0131 varyasyonlar bulmak m\u00fcmk\u00fcnd\u00fcr. Tek renk veya renk kar\u0131\u015f\u0131m\u0131 kullan\u0131labilir. Enternasyonal resmi m\u00fcsabakalarda kullan\u0131lan toplar\u0131n d\u0131\u015f maddesinin ya da renk kombinasyonlar\u0131n\u0131n<strong> FIVB<\/strong> (<strong>Uluslararas\u0131 Voleybol Federasyonu<\/strong>) standartlar\u0131na uymas\u0131 gerekir. Voleybol toplar\u0131n\u0131n \u00e7evresi 65-67 cm ve a\u011f\u0131rl\u0131\u011f\u0131 260-280 gr olmal\u0131d\u0131r.<\/p>\n<p><strong>Voleybol topu<\/strong> \u00fcretiminde farkl\u0131 y\u00f6ntemler kullan\u0131labilir. <strong>Molten<\/strong> markas\u0131 alt\u0131nda yap\u0131\u015ft\u0131rma veya diki\u015fli voleybol toplar\u0131 bulunabilir. Yap\u0131\u015ft\u0131rma toplar, diki\u015fsiz yap\u0131\u015ft\u0131rma panellerden \u00fcretilir. Parlak poli\u00fcretan su ge\u00e7irmez deri d\u0131\u015f y\u00fczeye sahip \u00fcr\u00fcnler bulunabilir. \u00c7ift katl\u0131 lamineli butil i\u00e7 lastikten \u00fcretilen voleybol toplar\u0131, dayan\u0131kl\u0131l\u0131\u011f\u0131yla \u00f6ne \u00e7\u0131kar. 5 Numara olan toplar yakla\u015f\u0131k 267 Gr a\u011f\u0131rl\u0131\u011f\u0131ndad\u0131r. Bu numaraya sahip toplar her ya\u015f i\u00e7in uygun olu\u015flar\u0131yla tercih edilirler. Diki\u015fli toplar ise, ad\u0131ndan da anla\u015f\u0131labilece\u011fi gibi belli say\u0131daki panellerin birbirine dikilmesi yoluyla \u00fcretilir. Yumu\u015fak poli\u00fcretan deri d\u0131\u015f y\u00fczeyi, kuma\u015f destekli butil i\u00e7 astar, lateks i\u00e7 lasti\u011fiyle hafiflik ve g\u00fcvenli\u011fi ayn\u0131 anda sunar. Bu modelde 5 numara topun a\u011f\u0131rl\u0131\u011f\u0131 275 grd\u0131r. Makine diki\u015fi ile par\u00e7alar\u0131n birle\u015ftirilmesinden olu\u015fur. Baz\u0131 modellerinde 18 par\u00e7a, baz\u0131 modellerinde ise daha fazla par\u00e7a kullan\u0131larak \u00fcretilmi\u015ftir.<\/p>\n<p><strong>Molten voleybol<\/strong> toplar\u0131ndaki bir di\u011fer \u00f6nemli ayr\u0131cal\u0131k da <strong>FLISTATEC\u00ae<\/strong> \u00f6zelli\u011finin bulunuyor olmas\u0131d\u0131r. Bu \u00f6zellik geleneksel voleybol kavram\u0131na devrimci bir de\u011fi\u015fim getirir ve her zamankinden daha heyecanl\u0131 bir oyun yarat\u0131r. Geli\u015ftirilmi\u015f g\u00f6r\u00fcn\u00fcrl\u00fck , yumu\u015fak d\u00f6nme hareketi sa\u011flar. U\u00e7an topun etraf\u0131nda hava ak\u0131m\u0131n\u0131 optimize ederek, top kontrol\u00fcn\u00fc artt\u0131rmay\u0131 ba\u015far\u0131r . Topun y\u00fczeyinde alt\u0131gen \u015fekilli tasar\u0131mlar yerle\u015ftirerek, u\u00e7u\u015f stabilitesini geli\u015ftirir. Yumu\u015fak ve kal\u0131n mikro fiber tabakas\u0131 , g\u00fcvenli naylon koruma tabakas\u0131 ve benzersiz alt\u0131gen y\u00fczeyi ile kombine edildi\u011finde, daha s\u0131k\u0131 kavramay\u0131 sa\u011flar.<\/p>\n","protected":false},"featured_media":581,"template":"","meta":[],"_links":{"self":[{"href":"https:\/\/www.ozbekspor.com\/index.php?rest_route=\/wp\/v2\/product\/564"}],"collection":[{"href":"https:\/\/www.ozbekspor.com\/index.php?rest_route=\/wp\/v2\/product"}],"about":[{"href":"https:\/\/www.ozbekspor.com\/index.php?rest_route=\/wp\/v2\/types\/product"}],"wp:featuredmedia":[{"embeddable":true,"href":"https:\/\/www.ozbekspor.com\/index.php?rest_route=\/wp\/v2\/media\/581"}],"wp:attachment":[{"href":"https:\/\/www.ozbekspor.com\/index.php?rest_route=%2Fwp%2Fv2%2Fmedia&parent=564"}],"curies":[{"name":"wp","href":"https:\/\/api.w.org\/{rel}","templated":true}]}}