{"id":477,"date":"2020-01-27T10:38:21","date_gmt":"2020-01-27T10:38:21","guid":{"rendered":"https:\/\/www.ozbekspor.com\/?post_type=product&#038;p=477"},"modified":"2021-01-22T06:45:31","modified_gmt":"2021-01-22T06:45:31","slug":"basketbol-antrenman-malzemeleri","status":"publish","type":"product","link":"https:\/\/www.ozbekspor.com\/?product=basketbol-antrenman-malzemeleri","title":{"rendered":"Basketbol Aksesuar Malzemeleri"},"content":{"rendered":"<div id='gallery-1' class='gallery galleryid-477 gallery-columns-4 gallery-size-thumbnail'><figure class='gallery-item'>\n\t\t\t<div class='gallery-icon landscape'>\n\t\t\t\t<a href='https:\/\/www.ozbekspor.com\/?attachment_id=4385#main'><img width=\"500\" height=\"500\" src=\"https:\/\/www.ozbekspor.com\/wp-content\/uploads\/molten-eb0046-b-6li-basketbol-top-cantasi-77539-500x500.jpg\" class=\"attachment-thumbnail size-thumbnail\" alt=\"\" loading=\"lazy\" aria-describedby=\"gallery-1-4385\" srcset=\"https:\/\/www.ozbekspor.com\/wp-content\/uploads\/molten-eb0046-b-6li-basketbol-top-cantasi-77539-500x500.jpg 500w, https:\/\/www.ozbekspor.com\/wp-content\/uploads\/molten-eb0046-b-6li-basketbol-top-cantasi-77539-800x800.jpg 800w, https:\/\/www.ozbekspor.com\/wp-content\/uploads\/molten-eb0046-b-6li-basketbol-top-cantasi-77539.jpg 1024w, https:\/\/www.ozbekspor.com\/wp-content\/uploads\/molten-eb0046-b-6li-basketbol-top-cantasi-77539-768x768.jpg 768w, https:\/\/www.ozbekspor.com\/wp-content\/uploads\/molten-eb0046-b-6li-basketbol-top-cantasi-77539-300x300.jpg 300w, https:\/\/www.ozbekspor.com\/wp-content\/uploads\/molten-eb0046-b-6li-basketbol-top-cantasi-77539-600x600.jpg 600w, https:\/\/www.ozbekspor.com\/wp-content\/uploads\/molten-eb0046-b-6li-basketbol-top-cantasi-77539-100x100.jpg 100w\" sizes=\"(max-width: 500px) 100vw, 500px\" \/><\/a>\n\t\t\t<\/div>\n\t\t\t\t<figcaption class='wp-caption-text gallery-caption' id='gallery-1-4385'>\n\t\t\t\t\u00d6S-EB0046-B Molten EB0046-B 6&#8217;l\u0131 Basketbol Top \u00c7antas\u0131\n\t\t\t\t<\/figcaption><\/figure><figure class='gallery-item'>\n\t\t\t<div class='gallery-icon landscape'>\n\t\t\t\t<a href='https:\/\/www.ozbekspor.com\/?attachment_id=4387#main'><img width=\"500\" height=\"500\" src=\"https:\/\/www.ozbekspor.com\/wp-content\/uploads\/Fox40-Basketbol-Taktik-Tahtasi-500x500.jpg\" class=\"attachment-thumbnail size-thumbnail\" alt=\"\" loading=\"lazy\" aria-describedby=\"gallery-1-4387\" srcset=\"https:\/\/www.ozbekspor.com\/wp-content\/uploads\/Fox40-Basketbol-Taktik-Tahtasi-500x500.jpg 500w, https:\/\/www.ozbekspor.com\/wp-content\/uploads\/Fox40-Basketbol-Taktik-Tahtasi-800x800.jpg 800w, https:\/\/www.ozbekspor.com\/wp-content\/uploads\/Fox40-Basketbol-Taktik-Tahtasi.jpg 1024w, https:\/\/www.ozbekspor.com\/wp-content\/uploads\/Fox40-Basketbol-Taktik-Tahtasi-768x768.jpg 768w, https:\/\/www.ozbekspor.com\/wp-content\/uploads\/Fox40-Basketbol-Taktik-Tahtasi-300x300.jpg 300w, https:\/\/www.ozbekspor.com\/wp-content\/uploads\/Fox40-Basketbol-Taktik-Tahtasi-600x600.jpg 600w, https:\/\/www.ozbekspor.com\/wp-content\/uploads\/Fox40-Basketbol-Taktik-Tahtasi-100x100.jpg 100w\" sizes=\"(max-width: 500px) 100vw, 500px\" \/><\/a>\n\t\t\t<\/div>\n\t\t\t\t<figcaption class='wp-caption-text gallery-caption' id='gallery-1-4387'>\n\t\t\t\t\u00d6S-6905-1600 Fox40 Basketbol Taktik Tahtas\u0131\n\t\t\t\t<\/figcaption><\/figure><figure class='gallery-item'>\n\t\t\t<div class='gallery-icon landscape'>\n\t\t\t\t<a href='https:\/\/www.ozbekspor.com\/?attachment_id=480#main'><img width=\"500\" height=\"500\" src=\"https:\/\/www.ozbekspor.com\/wp-content\/uploads\/avessa-taktik-tahtas\u0131-500x500.jpg\" class=\"attachment-thumbnail size-thumbnail\" alt=\"\" loading=\"lazy\" aria-describedby=\"gallery-1-480\" srcset=\"https:\/\/www.ozbekspor.com\/wp-content\/uploads\/avessa-taktik-tahtas\u0131-500x500.jpg 500w, https:\/\/www.ozbekspor.com\/wp-content\/uploads\/avessa-taktik-tahtas\u0131-800x800.jpg 800w, https:\/\/www.ozbekspor.com\/wp-content\/uploads\/avessa-taktik-tahtas\u0131-768x768.jpg 768w, https:\/\/www.ozbekspor.com\/wp-content\/uploads\/avessa-taktik-tahtas\u0131-300x300.jpg 300w, https:\/\/www.ozbekspor.com\/wp-content\/uploads\/avessa-taktik-tahtas\u0131-600x600.jpg 600w, https:\/\/www.ozbekspor.com\/wp-content\/uploads\/avessa-taktik-tahtas\u0131-100x100.jpg 100w, https:\/\/www.ozbekspor.com\/wp-content\/uploads\/avessa-taktik-tahtas\u0131.jpg 1000w\" sizes=\"(max-width: 500px) 100vw, 500px\" \/><\/a>\n\t\t\t<\/div>\n\t\t\t\t<figcaption class='wp-caption-text gallery-caption' id='gallery-1-480'>\n\t\t\t\t\u00d6S-CS657 Basketbol Ko\u00e7 Taktik Tahtas\u0131\n\t\t\t\t<\/figcaption><\/figure><figure class='gallery-item'>\n\t\t\t<div class='gallery-icon landscape'>\n\t\t\t\t<a href='https:\/\/www.ozbekspor.com\/?attachment_id=4384#main'><img width=\"500\" height=\"500\" src=\"https:\/\/www.ozbekspor.com\/wp-content\/uploads\/Molten-Basketbol-Top-Cantasi-6li-CantaMa-6d40-500x500.jpg\" class=\"attachment-thumbnail size-thumbnail\" alt=\"\" loading=\"lazy\" aria-describedby=\"gallery-1-4384\" srcset=\"https:\/\/www.ozbekspor.com\/wp-content\/uploads\/Molten-Basketbol-Top-Cantasi-6li-CantaMa-6d40-500x500.jpg 500w, https:\/\/www.ozbekspor.com\/wp-content\/uploads\/Molten-Basketbol-Top-Cantasi-6li-CantaMa-6d40-800x800.jpg 800w, https:\/\/www.ozbekspor.com\/wp-content\/uploads\/Molten-Basketbol-Top-Cantasi-6li-CantaMa-6d40-1024x1024.jpg 1024w, https:\/\/www.ozbekspor.com\/wp-content\/uploads\/Molten-Basketbol-Top-Cantasi-6li-CantaMa-6d40-768x768.jpg 768w, https:\/\/www.ozbekspor.com\/wp-content\/uploads\/Molten-Basketbol-Top-Cantasi-6li-CantaMa-6d40-300x300.jpg 300w, https:\/\/www.ozbekspor.com\/wp-content\/uploads\/Molten-Basketbol-Top-Cantasi-6li-CantaMa-6d40-600x600.jpg 600w, https:\/\/www.ozbekspor.com\/wp-content\/uploads\/Molten-Basketbol-Top-Cantasi-6li-CantaMa-6d40-100x100.jpg 100w, https:\/\/www.ozbekspor.com\/wp-content\/uploads\/Molten-Basketbol-Top-Cantasi-6li-CantaMa-6d40.jpg 1350w\" sizes=\"(max-width: 500px) 100vw, 500px\" \/><\/a>\n\t\t\t<\/div>\n\t\t\t\t<figcaption class='wp-caption-text gallery-caption' id='gallery-1-4384'>\n\t\t\t\tMolten EB0046-B 6&#8217;l\u0131 Basketbol Top \u00c7antas\u0131\n\t\t\t\t<\/figcaption><\/figure><figure class='gallery-item'>\n\t\t\t<div class='gallery-icon landscape'>\n\t\t\t\t<a href='https:\/\/www.ozbekspor.com\/?attachment_id=4388#main'><img width=\"500\" height=\"500\" src=\"https:\/\/www.ozbekspor.com\/wp-content\/uploads\/Fox40-Basketbol-Taktik-Tahtasi-2-500x500.jpg\" class=\"attachment-thumbnail size-thumbnail\" alt=\"\" loading=\"lazy\" aria-describedby=\"gallery-1-4388\" srcset=\"https:\/\/www.ozbekspor.com\/wp-content\/uploads\/Fox40-Basketbol-Taktik-Tahtasi-2-500x500.jpg 500w, https:\/\/www.ozbekspor.com\/wp-content\/uploads\/Fox40-Basketbol-Taktik-Tahtasi-2-800x800.jpg 800w, https:\/\/www.ozbekspor.com\/wp-content\/uploads\/Fox40-Basketbol-Taktik-Tahtasi-2.jpg 1024w, https:\/\/www.ozbekspor.com\/wp-content\/uploads\/Fox40-Basketbol-Taktik-Tahtasi-2-768x768.jpg 768w, https:\/\/www.ozbekspor.com\/wp-content\/uploads\/Fox40-Basketbol-Taktik-Tahtasi-2-300x300.jpg 300w, https:\/\/www.ozbekspor.com\/wp-content\/uploads\/Fox40-Basketbol-Taktik-Tahtasi-2-600x600.jpg 600w, https:\/\/www.ozbekspor.com\/wp-content\/uploads\/Fox40-Basketbol-Taktik-Tahtasi-2-100x100.jpg 100w\" sizes=\"(max-width: 500px) 100vw, 500px\" \/><\/a>\n\t\t\t<\/div>\n\t\t\t\t<figcaption class='wp-caption-text gallery-caption' id='gallery-1-4388'>\n\t\t\t\t\u00d6S-6905-1600 Fox40 Basketbol Taktik Tahtas\u0131\n\t\t\t\t<\/figcaption><\/figure><figure class='gallery-item'>\n\t\t\t<div class='gallery-icon landscape'>\n\t\t\t\t<a href='https:\/\/www.ozbekspor.com\/?attachment_id=479#main'><img width=\"500\" height=\"500\" src=\"https:\/\/www.ozbekspor.com\/wp-content\/uploads\/molten-basketbol-taktik-tahtas\u0131-500x500.jpg\" class=\"attachment-thumbnail size-thumbnail\" alt=\"\" loading=\"lazy\" aria-describedby=\"gallery-1-479\" srcset=\"https:\/\/www.ozbekspor.com\/wp-content\/uploads\/molten-basketbol-taktik-tahtas\u0131-500x500.jpg 500w, https:\/\/www.ozbekspor.com\/wp-content\/uploads\/molten-basketbol-taktik-tahtas\u0131-800x800.jpg 800w, https:\/\/www.ozbekspor.com\/wp-content\/uploads\/molten-basketbol-taktik-tahtas\u0131-768x768.jpg 768w, https:\/\/www.ozbekspor.com\/wp-content\/uploads\/molten-basketbol-taktik-tahtas\u0131-300x300.jpg 300w, https:\/\/www.ozbekspor.com\/wp-content\/uploads\/molten-basketbol-taktik-tahtas\u0131-600x600.jpg 600w, https:\/\/www.ozbekspor.com\/wp-content\/uploads\/molten-basketbol-taktik-tahtas\u0131-100x100.jpg 100w, https:\/\/www.ozbekspor.com\/wp-content\/uploads\/molten-basketbol-taktik-tahtas\u0131.jpg 1000w\" sizes=\"(max-width: 500px) 100vw, 500px\" \/><\/a>\n\t\t\t<\/div>\n\t\t\t\t<figcaption class='wp-caption-text gallery-caption' id='gallery-1-479'>\n\t\t\t\t\u00d6S-MBT Molten Taktik Tahtas\u0131\n\t\t\t\t<\/figcaption><\/figure><figure class='gallery-item'>\n\t\t\t<div class='gallery-icon landscape'>\n\t\t\t\t<a href='https:\/\/www.ozbekspor.com\/?attachment_id=478#main'><img width=\"500\" height=\"500\" src=\"https:\/\/www.ozbekspor.com\/wp-content\/uploads\/avessa-basketbol-c\u0327antas\u0131-500x500.jpg\" class=\"attachment-thumbnail size-thumbnail\" alt=\"\" loading=\"lazy\" aria-describedby=\"gallery-1-478\" srcset=\"https:\/\/www.ozbekspor.com\/wp-content\/uploads\/avessa-basketbol-c\u0327antas\u0131-500x500.jpg 500w, https:\/\/www.ozbekspor.com\/wp-content\/uploads\/avessa-basketbol-c\u0327antas\u0131-800x800.jpg 800w, https:\/\/www.ozbekspor.com\/wp-content\/uploads\/avessa-basketbol-c\u0327antas\u0131-768x768.jpg 768w, https:\/\/www.ozbekspor.com\/wp-content\/uploads\/avessa-basketbol-c\u0327antas\u0131-300x300.jpg 300w, https:\/\/www.ozbekspor.com\/wp-content\/uploads\/avessa-basketbol-c\u0327antas\u0131-600x600.jpg 600w, https:\/\/www.ozbekspor.com\/wp-content\/uploads\/avessa-basketbol-c\u0327antas\u0131-100x100.jpg 100w, https:\/\/www.ozbekspor.com\/wp-content\/uploads\/avessa-basketbol-c\u0327antas\u0131.jpg 1000w\" sizes=\"(max-width: 500px) 100vw, 500px\" \/><\/a>\n\t\t\t<\/div>\n\t\t\t\t<figcaption class='wp-caption-text gallery-caption' id='gallery-1-478'>\n\t\t\t\t\u00d6S-SC10715 Avessa Basketbol Top \u00c7antas\u0131\n\t\t\t\t<\/figcaption><\/figure><figure class='gallery-item'>\n\t\t\t<div class='gallery-icon landscape'>\n\t\t\t\t<a href='https:\/\/www.ozbekspor.com\/?attachment_id=481#main'><img width=\"500\" height=\"500\" src=\"https:\/\/www.ozbekspor.com\/wp-content\/uploads\/avessa-basketbol-top-sepeti-500x500.jpg\" class=\"attachment-thumbnail size-thumbnail\" alt=\"\" loading=\"lazy\" aria-describedby=\"gallery-1-481\" srcset=\"https:\/\/www.ozbekspor.com\/wp-content\/uploads\/avessa-basketbol-top-sepeti-500x500.jpg 500w, https:\/\/www.ozbekspor.com\/wp-content\/uploads\/avessa-basketbol-top-sepeti-800x800.jpg 800w, https:\/\/www.ozbekspor.com\/wp-content\/uploads\/avessa-basketbol-top-sepeti-768x768.jpg 768w, https:\/\/www.ozbekspor.com\/wp-content\/uploads\/avessa-basketbol-top-sepeti-300x300.jpg 300w, https:\/\/www.ozbekspor.com\/wp-content\/uploads\/avessa-basketbol-top-sepeti-600x600.jpg 600w, https:\/\/www.ozbekspor.com\/wp-content\/uploads\/avessa-basketbol-top-sepeti-100x100.jpg 100w, https:\/\/www.ozbekspor.com\/wp-content\/uploads\/avessa-basketbol-top-sepeti.jpg 1000w\" sizes=\"(max-width: 500px) 100vw, 500px\" \/><\/a>\n\t\t\t<\/div>\n\t\t\t\t<figcaption class='wp-caption-text gallery-caption' id='gallery-1-481'>\n\t\t\t\t\u00d6S-TA200 Avessa Top Arabas\u0131 K\u0131rm\u0131z\u0131\n\t\t\t\t<\/figcaption><\/figure>\n\t\t<\/div>\n\n","protected":false},"excerpt":{"rendered":"<p><strong>Basketbol Malzemeleri<\/strong><\/p>\n<p><strong>Basketbol Aksesuar<\/strong>\u00a0ve <strong>Ekipmanlar\u0131nda<\/strong> sezon modelleri ve kampanyalar\u0131 <strong>\u00d6zbek Spor&#8217;<\/strong> da!<\/p>\n","protected":false},"featured_media":4384,"template":"","meta":[],"_links":{"self":[{"href":"https:\/\/www.ozbekspor.com\/index.php?rest_route=\/wp\/v2\/product\/477"}],"collection":[{"href":"https:\/\/www.ozbekspor.com\/index.php?rest_route=\/wp\/v2\/product"}],"about":[{"href":"https:\/\/www.ozbekspor.com\/index.php?rest_route=\/wp\/v2\/types\/product"}],"wp:featuredmedia":[{"embeddable":true,"href":"https:\/\/www.ozbekspor.com\/index.php?rest_route=\/wp\/v2\/media\/4384"}],"wp:attachment":[{"href":"https:\/\/www.ozbekspor.com\/index.php?rest_route=%2Fwp%2Fv2%2Fmedia&parent=477"}],"curies":[{"name":"wp","href":"https:\/\/api.w.org\/{rel}","templated":true}]}}