{"id":4074,"date":"2021-01-20T10:54:18","date_gmt":"2021-01-20T10:54:18","guid":{"rendered":"https:\/\/www.ozbekspor.com\/?post_type=product&#038;p=4074"},"modified":"2021-03-10T13:35:36","modified_gmt":"2021-03-10T13:35:36","slug":"katamaran-aglari","status":"publish","type":"product","link":"https:\/\/www.ozbekspor.com\/?product=katamaran-aglari","title":{"rendered":"Katamaran Lagoon A\u011flar\u0131"},"content":{"rendered":"<div id='gallery-1' class='gallery galleryid-4074 gallery-columns-4 gallery-size-thumbnail'><figure class='gallery-item'>\n\t\t\t<div class='gallery-icon landscape'>\n\t\t\t\t<a href='https:\/\/www.ozbekspor.com\/wp-content\/uploads\/tekne-kataraman-filesi-kolaj-instagram.png'><img width=\"500\" height=\"500\" src=\"https:\/\/www.ozbekspor.com\/wp-content\/uploads\/tekne-kataraman-filesi-kolaj-instagram-500x500.png\" class=\"attachment-thumbnail size-thumbnail\" alt=\"\" loading=\"lazy\" aria-describedby=\"gallery-1-4129\" srcset=\"https:\/\/www.ozbekspor.com\/wp-content\/uploads\/tekne-kataraman-filesi-kolaj-instagram-500x500.png 500w, https:\/\/www.ozbekspor.com\/wp-content\/uploads\/tekne-kataraman-filesi-kolaj-instagram-300x300.png 300w, https:\/\/www.ozbekspor.com\/wp-content\/uploads\/tekne-kataraman-filesi-kolaj-instagram-100x100.png 100w\" sizes=\"(max-width: 500px) 100vw, 500px\" \/><\/a>\n\t\t\t<\/div>\n\t\t\t\t<figcaption class='wp-caption-text gallery-caption' id='gallery-1-4129'>\n\t\t\t\t\u00d6S-KTMR-1 Katamaran Lagoon A\u011f\u0131 \n\t\t\t\t<\/figcaption><\/figure><figure class='gallery-item'>\n\t\t\t<div class='gallery-icon landscape'>\n\t\t\t\t<a href='https:\/\/www.ozbekspor.com\/wp-content\/uploads\/tekne-kataraman-fileisi-kolaj.png'><img width=\"500\" height=\"500\" src=\"https:\/\/www.ozbekspor.com\/wp-content\/uploads\/tekne-kataraman-fileisi-kolaj-500x500.png\" class=\"attachment-thumbnail size-thumbnail\" alt=\"\" loading=\"lazy\" aria-describedby=\"gallery-1-4130\" srcset=\"https:\/\/www.ozbekspor.com\/wp-content\/uploads\/tekne-kataraman-fileisi-kolaj-500x500.png 500w, https:\/\/www.ozbekspor.com\/wp-content\/uploads\/tekne-kataraman-fileisi-kolaj-300x300.png 300w, https:\/\/www.ozbekspor.com\/wp-content\/uploads\/tekne-kataraman-fileisi-kolaj-100x100.png 100w\" sizes=\"(max-width: 500px) 100vw, 500px\" \/><\/a>\n\t\t\t<\/div>\n\t\t\t\t<figcaption class='wp-caption-text gallery-caption' id='gallery-1-4130'>\n\t\t\t\t\u00d6S-KTMR-2 Katamaran Lagoon A\u011f\u0131 \n\t\t\t\t<\/figcaption><\/figure><figure class='gallery-item'>\n\t\t\t<div class='gallery-icon landscape'>\n\t\t\t\t<a href='https:\/\/www.ozbekspor.com\/wp-content\/uploads\/lagoon.png'><img width=\"500\" height=\"500\" src=\"https:\/\/www.ozbekspor.com\/wp-content\/uploads\/lagoon-500x500.png\" class=\"attachment-thumbnail size-thumbnail\" alt=\"\" loading=\"lazy\" aria-describedby=\"gallery-1-4518\" srcset=\"https:\/\/www.ozbekspor.com\/wp-content\/uploads\/lagoon-500x500.png 500w, https:\/\/www.ozbekspor.com\/wp-content\/uploads\/lagoon-300x300.png 300w, https:\/\/www.ozbekspor.com\/wp-content\/uploads\/lagoon-100x100.png 100w\" sizes=\"(max-width: 500px) 100vw, 500px\" \/><\/a>\n\t\t\t<\/div>\n\t\t\t\t<figcaption class='wp-caption-text gallery-caption' id='gallery-1-4518'>\n\t\t\t\t\u00d6S-KTMR-3 Katamaran Lagoon A\u011f\u0131 \n\t\t\t\t<\/figcaption><\/figure><figure class='gallery-item'>\n\t\t\t<div class='gallery-icon landscape'>\n\t\t\t\t<a href='https:\/\/www.ozbekspor.com\/wp-content\/uploads\/asdasd.png'><img width=\"500\" height=\"437\" src=\"https:\/\/www.ozbekspor.com\/wp-content\/uploads\/asdasd-500x437.png\" class=\"attachment-thumbnail size-thumbnail\" alt=\"\" loading=\"lazy\" aria-describedby=\"gallery-1-4521\" \/><\/a>\n\t\t\t<\/div>\n\t\t\t\t<figcaption class='wp-caption-text gallery-caption' id='gallery-1-4521'>\n\t\t\t\t\u00d6S-KTMR-4 Katamaran Lagoon A\u011f\u0131\n\t\t\t\t<\/figcaption><\/figure><figure class='gallery-item'>\n\t\t\t<div class='gallery-icon landscape'>\n\t\t\t\t<a href='https:\/\/www.ozbekspor.com\/wp-content\/uploads\/allonge-dans-les-filets-du-lagoon-380.jpg'><img width=\"500\" height=\"500\" src=\"https:\/\/www.ozbekspor.com\/wp-content\/uploads\/allonge-dans-les-filets-du-lagoon-380-500x500.jpg\" class=\"attachment-thumbnail size-thumbnail\" alt=\"\" loading=\"lazy\" aria-describedby=\"gallery-1-4134\" srcset=\"https:\/\/www.ozbekspor.com\/wp-content\/uploads\/allonge-dans-les-filets-du-lagoon-380-500x500.jpg 500w, https:\/\/www.ozbekspor.com\/wp-content\/uploads\/allonge-dans-les-filets-du-lagoon-380-300x300.jpg 300w, https:\/\/www.ozbekspor.com\/wp-content\/uploads\/allonge-dans-les-filets-du-lagoon-380-100x100.jpg 100w\" sizes=\"(max-width: 500px) 100vw, 500px\" \/><\/a>\n\t\t\t<\/div>\n\t\t\t\t<figcaption class='wp-caption-text gallery-caption' id='gallery-1-4134'>\n\t\t\t\t\u00d6S-KTMR-5 Katamaran Lagoon A\u011f\u0131 \n\t\t\t\t<\/figcaption><\/figure><figure class='gallery-item'>\n\t\t\t<div class='gallery-icon landscape'>\n\t\t\t\t<a href='https:\/\/www.ozbekspor.com\/wp-content\/uploads\/atn-multihull-net-sunseeker52nanan1.jpg'><img width=\"500\" height=\"500\" src=\"https:\/\/www.ozbekspor.com\/wp-content\/uploads\/atn-multihull-net-sunseeker52nanan1-500x500.jpg\" class=\"attachment-thumbnail size-thumbnail\" alt=\"\" loading=\"lazy\" aria-describedby=\"gallery-1-4136\" srcset=\"https:\/\/www.ozbekspor.com\/wp-content\/uploads\/atn-multihull-net-sunseeker52nanan1-500x500.jpg 500w, https:\/\/www.ozbekspor.com\/wp-content\/uploads\/atn-multihull-net-sunseeker52nanan1-300x300.jpg 300w, https:\/\/www.ozbekspor.com\/wp-content\/uploads\/atn-multihull-net-sunseeker52nanan1-100x100.jpg 100w\" sizes=\"(max-width: 500px) 100vw, 500px\" \/><\/a>\n\t\t\t<\/div>\n\t\t\t\t<figcaption class='wp-caption-text gallery-caption' id='gallery-1-4136'>\n\t\t\t\t\u00d6S-KTMR-6 Katamaran Lagoon A\u011f\u0131 \n\t\t\t\t<\/figcaption><\/figure><figure class='gallery-item'>\n\t\t\t<div class='gallery-icon landscape'>\n\t\t\t\t<a href='https:\/\/www.ozbekspor.com\/wp-content\/uploads\/sup-and-net-on-lagoon-catamaran-legend.jpg'><img width=\"500\" height=\"500\" src=\"https:\/\/www.ozbekspor.com\/wp-content\/uploads\/sup-and-net-on-lagoon-catamaran-legend-500x500.jpg\" class=\"attachment-thumbnail size-thumbnail\" alt=\"\" loading=\"lazy\" aria-describedby=\"gallery-1-4138\" srcset=\"https:\/\/www.ozbekspor.com\/wp-content\/uploads\/sup-and-net-on-lagoon-catamaran-legend-500x500.jpg 500w, https:\/\/www.ozbekspor.com\/wp-content\/uploads\/sup-and-net-on-lagoon-catamaran-legend-300x300.jpg 300w, https:\/\/www.ozbekspor.com\/wp-content\/uploads\/sup-and-net-on-lagoon-catamaran-legend-100x100.jpg 100w\" sizes=\"(max-width: 500px) 100vw, 500px\" \/><\/a>\n\t\t\t<\/div>\n\t\t\t\t<figcaption class='wp-caption-text gallery-caption' id='gallery-1-4138'>\n\t\t\t\t\u00d6S-KTMR-7 Katamaran Lagoon A\u011f\u0131 \n\t\t\t\t<\/figcaption><\/figure><figure class='gallery-item'>\n\t\t\t<div class='gallery-icon landscape'>\n\t\t\t\t<a href='https:\/\/www.ozbekspor.com\/wp-content\/uploads\/OS-KTMR-1-Katamaran-Lagoon-Agi-2.png'><img width=\"500\" height=\"500\" src=\"https:\/\/www.ozbekspor.com\/wp-content\/uploads\/OS-KTMR-1-Katamaran-Lagoon-Agi-2-500x500.png\" class=\"attachment-thumbnail size-thumbnail\" alt=\"\" loading=\"lazy\" aria-describedby=\"gallery-1-4145\" srcset=\"https:\/\/www.ozbekspor.com\/wp-content\/uploads\/OS-KTMR-1-Katamaran-Lagoon-Agi-2-500x500.png 500w, https:\/\/www.ozbekspor.com\/wp-content\/uploads\/OS-KTMR-1-Katamaran-Lagoon-Agi-2-800x800.png 800w, https:\/\/www.ozbekspor.com\/wp-content\/uploads\/OS-KTMR-1-Katamaran-Lagoon-Agi-2-768x768.png 768w, https:\/\/www.ozbekspor.com\/wp-content\/uploads\/OS-KTMR-1-Katamaran-Lagoon-Agi-2-300x300.png 300w, https:\/\/www.ozbekspor.com\/wp-content\/uploads\/OS-KTMR-1-Katamaran-Lagoon-Agi-2-600x600.png 600w, https:\/\/www.ozbekspor.com\/wp-content\/uploads\/OS-KTMR-1-Katamaran-Lagoon-Agi-2-100x100.png 100w, https:\/\/www.ozbekspor.com\/wp-content\/uploads\/OS-KTMR-1-Katamaran-Lagoon-Agi-2.png 1000w\" sizes=\"(max-width: 500px) 100vw, 500px\" \/><\/a>\n\t\t\t<\/div>\n\t\t\t\t<figcaption class='wp-caption-text gallery-caption' id='gallery-1-4145'>\n\t\t\t\t\u00d6S-KTMR-8 Katamaran Lagoon A\u011f\u0131 \n\t\t\t\t<\/figcaption><\/figure><figure class='gallery-item'>\n\t\t\t<div class='gallery-icon landscape'>\n\t\t\t\t<a href='https:\/\/www.ozbekspor.com\/wp-content\/uploads\/trampoline-for-lavezzi-40-catamaran.png'><img width=\"500\" height=\"500\" src=\"https:\/\/www.ozbekspor.com\/wp-content\/uploads\/trampoline-for-lavezzi-40-catamaran-500x500.png\" class=\"attachment-thumbnail size-thumbnail\" alt=\"\" loading=\"lazy\" aria-describedby=\"gallery-1-4139\" srcset=\"https:\/\/www.ozbekspor.com\/wp-content\/uploads\/trampoline-for-lavezzi-40-catamaran-500x500.png 500w, https:\/\/www.ozbekspor.com\/wp-content\/uploads\/trampoline-for-lavezzi-40-catamaran-800x800.png 800w, https:\/\/www.ozbekspor.com\/wp-content\/uploads\/trampoline-for-lavezzi-40-catamaran-768x768.png 768w, https:\/\/www.ozbekspor.com\/wp-content\/uploads\/trampoline-for-lavezzi-40-catamaran-300x300.png 300w, https:\/\/www.ozbekspor.com\/wp-content\/uploads\/trampoline-for-lavezzi-40-catamaran-600x600.png 600w, https:\/\/www.ozbekspor.com\/wp-content\/uploads\/trampoline-for-lavezzi-40-catamaran-100x100.png 100w, https:\/\/www.ozbekspor.com\/wp-content\/uploads\/trampoline-for-lavezzi-40-catamaran.png 1000w\" sizes=\"(max-width: 500px) 100vw, 500px\" \/><\/a>\n\t\t\t<\/div>\n\t\t\t\t<figcaption class='wp-caption-text gallery-caption' id='gallery-1-4139'>\n\t\t\t\t\u00d6S-KTMR-9 Katamaran Lagoon A\u011f\u0131 \n\t\t\t\t<\/figcaption><\/figure><figure class='gallery-item'>\n\t\t\t<div class='gallery-icon landscape'>\n\t\t\t\t<a href='https:\/\/www.ozbekspor.com\/wp-content\/uploads\/couples-prenant-un-bain-de-soleil-sur-le-filet-du-catamaran-64348303.jpg'><img width=\"500\" height=\"500\" src=\"https:\/\/www.ozbekspor.com\/wp-content\/uploads\/couples-prenant-un-bain-de-soleil-sur-le-filet-du-catamaran-64348303-500x500.jpg\" class=\"attachment-thumbnail size-thumbnail\" alt=\"\" loading=\"lazy\" aria-describedby=\"gallery-1-4137\" srcset=\"https:\/\/www.ozbekspor.com\/wp-content\/uploads\/couples-prenant-un-bain-de-soleil-sur-le-filet-du-catamaran-64348303-500x500.jpg 500w, https:\/\/www.ozbekspor.com\/wp-content\/uploads\/couples-prenant-un-bain-de-soleil-sur-le-filet-du-catamaran-64348303-300x300.jpg 300w, https:\/\/www.ozbekspor.com\/wp-content\/uploads\/couples-prenant-un-bain-de-soleil-sur-le-filet-du-catamaran-64348303-100x100.jpg 100w\" sizes=\"(max-width: 500px) 100vw, 500px\" \/><\/a>\n\t\t\t<\/div>\n\t\t\t\t<figcaption class='wp-caption-text gallery-caption' id='gallery-1-4137'>\n\t\t\t\t\u00d6S-KTMR-10 Katamaran Lagoon A\u011f\u0131 \n\t\t\t\t<\/figcaption><\/figure><figure class='gallery-item'>\n\t\t\t<div class='gallery-icon landscape'>\n\t\t\t\t<a href='https:\/\/www.ozbekspor.com\/wp-content\/uploads\/yat-LAGOON420-2101430.jpg'><img width=\"500\" height=\"500\" src=\"https:\/\/www.ozbekspor.com\/wp-content\/uploads\/yat-LAGOON420-2101430-500x500.jpg\" class=\"attachment-thumbnail size-thumbnail\" alt=\"\" loading=\"lazy\" aria-describedby=\"gallery-1-4142\" srcset=\"https:\/\/www.ozbekspor.com\/wp-content\/uploads\/yat-LAGOON420-2101430-500x500.jpg 500w, https:\/\/www.ozbekspor.com\/wp-content\/uploads\/yat-LAGOON420-2101430-300x300.jpg 300w, https:\/\/www.ozbekspor.com\/wp-content\/uploads\/yat-LAGOON420-2101430-100x100.jpg 100w\" sizes=\"(max-width: 500px) 100vw, 500px\" \/><\/a>\n\t\t\t<\/div>\n\t\t\t\t<figcaption class='wp-caption-text gallery-caption' id='gallery-1-4142'>\n\t\t\t\t\u00d6S-KTMR-11 Katamaran Lagoon A\u011f\u0131 \n\t\t\t\t<\/figcaption><\/figure><figure class='gallery-item'>\n\t\t\t<div class='gallery-icon landscape'>\n\t\t\t\t<a href='https:\/\/www.ozbekspor.com\/wp-content\/uploads\/unnamed-1-4.jpg'><img width=\"500\" height=\"341\" src=\"https:\/\/www.ozbekspor.com\/wp-content\/uploads\/unnamed-1-4-500x341.jpg\" class=\"attachment-thumbnail size-thumbnail\" alt=\"\" loading=\"lazy\" aria-describedby=\"gallery-1-4141\" \/><\/a>\n\t\t\t<\/div>\n\t\t\t\t<figcaption class='wp-caption-text gallery-caption' id='gallery-1-4141'>\n\t\t\t\t\u00d6S-KTMR-12 Katamaran Lagoon A\u011f\u0131 \n\t\t\t\t<\/figcaption><\/figure><figure class='gallery-item'>\n\t\t\t<div class='gallery-icon landscape'>\n\t\t\t\t<a href='https:\/\/www.ozbekspor.com\/wp-content\/uploads\/6a4b1b70107d16a9f7d2dd9d90ac5063.jpg'><img width=\"500\" height=\"413\" src=\"https:\/\/www.ozbekspor.com\/wp-content\/uploads\/6a4b1b70107d16a9f7d2dd9d90ac5063-500x413.jpg\" class=\"attachment-thumbnail size-thumbnail\" alt=\"\" loading=\"lazy\" aria-describedby=\"gallery-1-4132\" \/><\/a>\n\t\t\t<\/div>\n\t\t\t\t<figcaption class='wp-caption-text gallery-caption' id='gallery-1-4132'>\n\t\t\t\t\u00d6S-KTMR-13 Katamaran Lagoon A\u011f\u0131 \n\t\t\t\t<\/figcaption><\/figure><figure class='gallery-item'>\n\t\t\t<div class='gallery-icon landscape'>\n\t\t\t\t<a href='https:\/\/www.ozbekspor.com\/wp-content\/uploads\/20190108_094944-oo3o2xbeid672x8yej2dfiy2d9uiyojk3ksw80evg8.jpg'><img width=\"500\" height=\"300\" src=\"https:\/\/www.ozbekspor.com\/wp-content\/uploads\/20190108_094944-oo3o2xbeid672x8yej2dfiy2d9uiyojk3ksw80evg8-500x300.jpg\" class=\"attachment-thumbnail size-thumbnail\" alt=\"\" loading=\"lazy\" aria-describedby=\"gallery-1-4133\" \/><\/a>\n\t\t\t<\/div>\n\t\t\t\t<figcaption class='wp-caption-text gallery-caption' id='gallery-1-4133'>\n\t\t\t\t\u00d6S-KTMR-14 Katamaran Lagoon A\u011f\u0131 \n\t\t\t\t<\/figcaption><\/figure><figure class='gallery-item'>\n\t\t\t<div class='gallery-icon landscape'>\n\t\t\t\t<a href='https:\/\/www.ozbekspor.com\/wp-content\/uploads\/OS-KTMR-1-Katamaran-Lagoon-Agi.jpg'><img width=\"500\" height=\"500\" src=\"https:\/\/www.ozbekspor.com\/wp-content\/uploads\/OS-KTMR-1-Katamaran-Lagoon-Agi-500x500.jpg\" class=\"attachment-thumbnail size-thumbnail\" alt=\"\" loading=\"lazy\" aria-describedby=\"gallery-1-4146\" srcset=\"https:\/\/www.ozbekspor.com\/wp-content\/uploads\/OS-KTMR-1-Katamaran-Lagoon-Agi-500x500.jpg 500w, https:\/\/www.ozbekspor.com\/wp-content\/uploads\/OS-KTMR-1-Katamaran-Lagoon-Agi-300x300.jpg 300w, https:\/\/www.ozbekspor.com\/wp-content\/uploads\/OS-KTMR-1-Katamaran-Lagoon-Agi-100x100.jpg 100w\" sizes=\"(max-width: 500px) 100vw, 500px\" \/><\/a>\n\t\t\t<\/div>\n\t\t\t\t<figcaption class='wp-caption-text gallery-caption' id='gallery-1-4146'>\n\t\t\t\t\u00d6S-KTMR-15 Katamaran Lagoon A\u011f\u0131 \n\t\t\t\t<\/figcaption><\/figure><figure class='gallery-item'>\n\t\t\t<div class='gallery-icon landscape'>\n\t\t\t\t<a href='https:\/\/www.ozbekspor.com\/wp-content\/uploads\/be98c1e8-9c79-4805-9ea3-694890f1109b.jpg'><img width=\"500\" height=\"500\" src=\"https:\/\/www.ozbekspor.com\/wp-content\/uploads\/be98c1e8-9c79-4805-9ea3-694890f1109b-500x500.jpg\" class=\"attachment-thumbnail size-thumbnail\" alt=\"\" loading=\"lazy\" aria-describedby=\"gallery-1-4342\" srcset=\"https:\/\/www.ozbekspor.com\/wp-content\/uploads\/be98c1e8-9c79-4805-9ea3-694890f1109b-500x500.jpg 500w, https:\/\/www.ozbekspor.com\/wp-content\/uploads\/be98c1e8-9c79-4805-9ea3-694890f1109b-300x300.jpg 300w, https:\/\/www.ozbekspor.com\/wp-content\/uploads\/be98c1e8-9c79-4805-9ea3-694890f1109b-100x100.jpg 100w\" sizes=\"(max-width: 500px) 100vw, 500px\" \/><\/a>\n\t\t\t<\/div>\n\t\t\t\t<figcaption class='wp-caption-text gallery-caption' id='gallery-1-4342'>\n\t\t\t\t\u00d6S-TGF-1 Tekne G\u00fcvenlik A\u011f\u0131\n\t\t\t\t<\/figcaption><\/figure><figure class='gallery-item'>\n\t\t\t<div class='gallery-icon landscape'>\n\t\t\t\t<a href='https:\/\/www.ozbekspor.com\/wp-content\/uploads\/8a49f2d2-4cfb-41e3-9d3e-738bab508c52.jpg'><img width=\"500\" height=\"500\" src=\"https:\/\/www.ozbekspor.com\/wp-content\/uploads\/8a49f2d2-4cfb-41e3-9d3e-738bab508c52-500x500.jpg\" class=\"attachment-thumbnail size-thumbnail\" alt=\"\" loading=\"lazy\" aria-describedby=\"gallery-1-4340\" srcset=\"https:\/\/www.ozbekspor.com\/wp-content\/uploads\/8a49f2d2-4cfb-41e3-9d3e-738bab508c52-500x500.jpg 500w, https:\/\/www.ozbekspor.com\/wp-content\/uploads\/8a49f2d2-4cfb-41e3-9d3e-738bab508c52-300x300.jpg 300w, https:\/\/www.ozbekspor.com\/wp-content\/uploads\/8a49f2d2-4cfb-41e3-9d3e-738bab508c52-100x100.jpg 100w\" sizes=\"(max-width: 500px) 100vw, 500px\" \/><\/a>\n\t\t\t<\/div>\n\t\t\t\t<figcaption class='wp-caption-text gallery-caption' id='gallery-1-4340'>\n\t\t\t\t\u00d6S-TGF-1 Tekne G\u00fcvenlik A\u011f\u0131\n\t\t\t\t<\/figcaption><\/figure><figure class='gallery-item'>\n\t\t\t<div class='gallery-icon landscape'>\n\t\t\t\t<a href='https:\/\/www.ozbekspor.com\/wp-content\/uploads\/42e90351-e7b1-4aa1-90a1-d35586044d80.jpg'><img width=\"500\" height=\"500\" src=\"https:\/\/www.ozbekspor.com\/wp-content\/uploads\/42e90351-e7b1-4aa1-90a1-d35586044d80-500x500.jpg\" class=\"attachment-thumbnail size-thumbnail\" alt=\"\" loading=\"lazy\" aria-describedby=\"gallery-1-4341\" srcset=\"https:\/\/www.ozbekspor.com\/wp-content\/uploads\/42e90351-e7b1-4aa1-90a1-d35586044d80-500x500.jpg 500w, https:\/\/www.ozbekspor.com\/wp-content\/uploads\/42e90351-e7b1-4aa1-90a1-d35586044d80-300x300.jpg 300w, https:\/\/www.ozbekspor.com\/wp-content\/uploads\/42e90351-e7b1-4aa1-90a1-d35586044d80-100x100.jpg 100w\" sizes=\"(max-width: 500px) 100vw, 500px\" \/><\/a>\n\t\t\t<\/div>\n\t\t\t\t<figcaption class='wp-caption-text gallery-caption' id='gallery-1-4341'>\n\t\t\t\t\u00d6S-TGF-1 Tekne G\u00fcvenlik A\u011f\u0131\n\t\t\t\t<\/figcaption><\/figure><figure class='gallery-item'>\n\t\t\t<div class='gallery-icon landscape'>\n\t\t\t\t<a href='https:\/\/www.ozbekspor.com\/wp-content\/uploads\/03c3638e-95cd-4fb3-98be-250baadc4ba8.jpg'><img width=\"500\" height=\"500\" src=\"https:\/\/www.ozbekspor.com\/wp-content\/uploads\/03c3638e-95cd-4fb3-98be-250baadc4ba8-500x500.jpg\" class=\"attachment-thumbnail size-thumbnail\" alt=\"\" loading=\"lazy\" aria-describedby=\"gallery-1-4343\" srcset=\"https:\/\/www.ozbekspor.com\/wp-content\/uploads\/03c3638e-95cd-4fb3-98be-250baadc4ba8-500x500.jpg 500w, https:\/\/www.ozbekspor.com\/wp-content\/uploads\/03c3638e-95cd-4fb3-98be-250baadc4ba8-300x300.jpg 300w, https:\/\/www.ozbekspor.com\/wp-content\/uploads\/03c3638e-95cd-4fb3-98be-250baadc4ba8-100x100.jpg 100w\" sizes=\"(max-width: 500px) 100vw, 500px\" \/><\/a>\n\t\t\t<\/div>\n\t\t\t\t<figcaption class='wp-caption-text gallery-caption' id='gallery-1-4343'>\n\t\t\t\t\u00d6S-TCKA-1 Tekne \u00c7evre A\u011f\u0131\n\t\t\t\t<\/figcaption><\/figure><figure class='gallery-item'>\n\t\t\t<div class='gallery-icon landscape'>\n\t\t\t\t<a href='https:\/\/www.ozbekspor.com\/wp-content\/uploads\/4fbc892f-4366-445e-95ea-38bfacffe069.jpg'><img width=\"500\" height=\"500\" src=\"https:\/\/www.ozbekspor.com\/wp-content\/uploads\/4fbc892f-4366-445e-95ea-38bfacffe069-500x500.jpg\" class=\"attachment-thumbnail size-thumbnail\" alt=\"\" loading=\"lazy\" aria-describedby=\"gallery-1-4344\" srcset=\"https:\/\/www.ozbekspor.com\/wp-content\/uploads\/4fbc892f-4366-445e-95ea-38bfacffe069-500x500.jpg 500w, https:\/\/www.ozbekspor.com\/wp-content\/uploads\/4fbc892f-4366-445e-95ea-38bfacffe069-300x300.jpg 300w, https:\/\/www.ozbekspor.com\/wp-content\/uploads\/4fbc892f-4366-445e-95ea-38bfacffe069-100x100.jpg 100w\" sizes=\"(max-width: 500px) 100vw, 500px\" \/><\/a>\n\t\t\t<\/div>\n\t\t\t\t<figcaption class='wp-caption-text gallery-caption' id='gallery-1-4344'>\n\t\t\t\t\u00d6S-TCKA-1 Tekne \u00c7evre A\u011f\u0131\n\t\t\t\t<\/figcaption><\/figure><figure class='gallery-item'>\n\t\t\t<div class='gallery-icon landscape'>\n\t\t\t\t<a href='https:\/\/www.ozbekspor.com\/wp-content\/uploads\/9f3276dc-32f5-4e3e-ac5c-7ce859e49b75.jpg'><img width=\"500\" height=\"500\" src=\"https:\/\/www.ozbekspor.com\/wp-content\/uploads\/9f3276dc-32f5-4e3e-ac5c-7ce859e49b75-500x500.jpg\" class=\"attachment-thumbnail size-thumbnail\" alt=\"\" loading=\"lazy\" aria-describedby=\"gallery-1-4345\" srcset=\"https:\/\/www.ozbekspor.com\/wp-content\/uploads\/9f3276dc-32f5-4e3e-ac5c-7ce859e49b75-500x500.jpg 500w, https:\/\/www.ozbekspor.com\/wp-content\/uploads\/9f3276dc-32f5-4e3e-ac5c-7ce859e49b75-300x300.jpg 300w, https:\/\/www.ozbekspor.com\/wp-content\/uploads\/9f3276dc-32f5-4e3e-ac5c-7ce859e49b75-100x100.jpg 100w\" sizes=\"(max-width: 500px) 100vw, 500px\" \/><\/a>\n\t\t\t<\/div>\n\t\t\t\t<figcaption class='wp-caption-text gallery-caption' id='gallery-1-4345'>\n\t\t\t\t\u00d6S-TCKA-1 Tekne \u00c7evre A\u011f\u0131\n\t\t\t\t<\/figcaption><\/figure><figure class='gallery-item'>\n\t\t\t<div class='gallery-icon landscape'>\n\t\t\t\t<a href='https:\/\/www.ozbekspor.com\/wp-content\/uploads\/bb7e1779-4244-422e-bffd-4be2cccf8ae0.jpg'><img width=\"500\" height=\"500\" src=\"https:\/\/www.ozbekspor.com\/wp-content\/uploads\/bb7e1779-4244-422e-bffd-4be2cccf8ae0-500x500.jpg\" class=\"attachment-thumbnail size-thumbnail\" alt=\"\" loading=\"lazy\" aria-describedby=\"gallery-1-4347\" srcset=\"https:\/\/www.ozbekspor.com\/wp-content\/uploads\/bb7e1779-4244-422e-bffd-4be2cccf8ae0-500x500.jpg 500w, https:\/\/www.ozbekspor.com\/wp-content\/uploads\/bb7e1779-4244-422e-bffd-4be2cccf8ae0-300x300.jpg 300w, https:\/\/www.ozbekspor.com\/wp-content\/uploads\/bb7e1779-4244-422e-bffd-4be2cccf8ae0-100x100.jpg 100w\" sizes=\"(max-width: 500px) 100vw, 500px\" \/><\/a>\n\t\t\t<\/div>\n\t\t\t\t<figcaption class='wp-caption-text gallery-caption' id='gallery-1-4347'>\n\t\t\t\t\u00d6S-TCKA-1 Tekne \u00c7evre A\u011f\u0131\n\t\t\t\t<\/figcaption><\/figure><figure class='gallery-item'>\n\t\t\t<div class='gallery-icon landscape'>\n\t\t\t\t<a href='https:\/\/www.ozbekspor.com\/wp-content\/uploads\/ce4ed12a-563e-4313-867c-8b1ebb804a9a.jpg'><img width=\"500\" height=\"500\" src=\"https:\/\/www.ozbekspor.com\/wp-content\/uploads\/ce4ed12a-563e-4313-867c-8b1ebb804a9a-500x500.jpg\" class=\"attachment-thumbnail size-thumbnail\" alt=\"\" loading=\"lazy\" aria-describedby=\"gallery-1-4348\" srcset=\"https:\/\/www.ozbekspor.com\/wp-content\/uploads\/ce4ed12a-563e-4313-867c-8b1ebb804a9a-500x500.jpg 500w, https:\/\/www.ozbekspor.com\/wp-content\/uploads\/ce4ed12a-563e-4313-867c-8b1ebb804a9a-300x300.jpg 300w, https:\/\/www.ozbekspor.com\/wp-content\/uploads\/ce4ed12a-563e-4313-867c-8b1ebb804a9a-100x100.jpg 100w\" sizes=\"(max-width: 500px) 100vw, 500px\" \/><\/a>\n\t\t\t<\/div>\n\t\t\t\t<figcaption class='wp-caption-text gallery-caption' id='gallery-1-4348'>\n\t\t\t\t\u00d6S-TCKA-1 Tekne \u00c7evre A\u011f\u0131\n\t\t\t\t<\/figcaption><\/figure><figure class='gallery-item'>\n\t\t\t<div class='gallery-icon landscape'>\n\t\t\t\t<a href='https:\/\/www.ozbekspor.com\/wp-content\/uploads\/TK.jpg'><img width=\"500\" height=\"500\" src=\"https:\/\/www.ozbekspor.com\/wp-content\/uploads\/TK-500x500.jpg\" class=\"attachment-thumbnail size-thumbnail\" alt=\"\" loading=\"lazy\" aria-describedby=\"gallery-1-4373\" srcset=\"https:\/\/www.ozbekspor.com\/wp-content\/uploads\/TK-500x500.jpg 500w, https:\/\/www.ozbekspor.com\/wp-content\/uploads\/TK-300x300.jpg 300w, https:\/\/www.ozbekspor.com\/wp-content\/uploads\/TK-100x100.jpg 100w\" sizes=\"(max-width: 500px) 100vw, 500px\" \/><\/a>\n\t\t\t<\/div>\n\t\t\t\t<figcaption class='wp-caption-text gallery-caption' id='gallery-1-4373'>\n\t\t\t\t\u00d6S-TCKA-1 Tekne \u00c7evre A\u011f\u0131\n\t\t\t\t<\/figcaption><\/figure><figure class='gallery-item'>\n\t\t\t<div class='gallery-icon landscape'>\n\t\t\t\t<a href='https:\/\/www.ozbekspor.com\/wp-content\/uploads\/TK3.jpg'><img width=\"500\" height=\"500\" src=\"https:\/\/www.ozbekspor.com\/wp-content\/uploads\/TK3-500x500.jpg\" class=\"attachment-thumbnail size-thumbnail\" alt=\"\" loading=\"lazy\" aria-describedby=\"gallery-1-4375\" srcset=\"https:\/\/www.ozbekspor.com\/wp-content\/uploads\/TK3-500x500.jpg 500w, https:\/\/www.ozbekspor.com\/wp-content\/uploads\/TK3-300x300.jpg 300w, https:\/\/www.ozbekspor.com\/wp-content\/uploads\/TK3-100x100.jpg 100w\" sizes=\"(max-width: 500px) 100vw, 500px\" \/><\/a>\n\t\t\t<\/div>\n\t\t\t\t<figcaption class='wp-caption-text gallery-caption' id='gallery-1-4375'>\n\t\t\t\t\u00d6S-TCKA-1 Tekne \u00c7evre A\u011f\u0131\n\t\t\t\t<\/figcaption><\/figure><figure class='gallery-item'>\n\t\t\t<div class='gallery-icon landscape'>\n\t\t\t\t<a href='https:\/\/www.ozbekspor.com\/wp-content\/uploads\/TK2.jpg'><img width=\"500\" height=\"500\" src=\"https:\/\/www.ozbekspor.com\/wp-content\/uploads\/TK2-500x500.jpg\" class=\"attachment-thumbnail size-thumbnail\" alt=\"\" loading=\"lazy\" aria-describedby=\"gallery-1-4374\" srcset=\"https:\/\/www.ozbekspor.com\/wp-content\/uploads\/TK2-500x500.jpg 500w, https:\/\/www.ozbekspor.com\/wp-content\/uploads\/TK2-300x300.jpg 300w, https:\/\/www.ozbekspor.com\/wp-content\/uploads\/TK2-100x100.jpg 100w\" sizes=\"(max-width: 500px) 100vw, 500px\" \/><\/a>\n\t\t\t<\/div>\n\t\t\t\t<figcaption class='wp-caption-text gallery-caption' id='gallery-1-4374'>\n\t\t\t\t\u00d6S-TCKA-1 Tekne \u00c7evre A\u011f\u0131\n\t\t\t\t<\/figcaption><\/figure>\n\t\t<\/div>\n\n","protected":false},"excerpt":{"rendered":"<p><strong>Katamaran Lagoon A\u011flar\u0131<\/strong><\/p>\n<p><strong>Katamaran Lagoonlar<\/strong> i\u00e7in \u00f6zel tasarlan\u0131p \u00fcretilen a\u011flard\u0131r. <strong>Katamaran a\u011flar\u0131<\/strong> istenilen \u00f6l\u00e7\u00fclere g\u00f6re \u00fcretilmektedir. Fiyatlar ve sat\u0131n almak i\u00e7in bizimle ileti\u015fime ge\u00e7iniz.<\/p>\n","protected":false},"featured_media":4147,"template":"","meta":[],"_links":{"self":[{"href":"https:\/\/www.ozbekspor.com\/index.php?rest_route=\/wp\/v2\/product\/4074"}],"collection":[{"href":"https:\/\/www.ozbekspor.com\/index.php?rest_route=\/wp\/v2\/product"}],"about":[{"href":"https:\/\/www.ozbekspor.com\/index.php?rest_route=\/wp\/v2\/types\/product"}],"wp:featuredmedia":[{"embeddable":true,"href":"https:\/\/www.ozbekspor.com\/index.php?rest_route=\/wp\/v2\/media\/4147"}],"wp:attachment":[{"href":"https:\/\/www.ozbekspor.com\/index.php?rest_route=%2Fwp%2Fv2%2Fmedia&parent=4074"}],"curies":[{"name":"wp","href":"https:\/\/api.w.org\/{rel}","templated":true}]}}