{"id":2090,"date":"2020-12-29T14:18:35","date_gmt":"2020-12-29T14:18:35","guid":{"rendered":"https:\/\/www.ozbekspor.com\/?post_type=product&#038;p=2090"},"modified":"2021-03-19T08:56:41","modified_gmt":"2021-03-19T08:56:41","slug":"okculuk-koruma-aglari","status":"publish","type":"product","link":"https:\/\/www.ozbekspor.com\/?product=okculuk-koruma-aglari","title":{"rendered":"A\u011f &#8211; Ok\u00e7uluk Koruma A\u011flar\u0131"},"content":{"rendered":"<div id='gallery-1' class='gallery galleryid-2090 gallery-columns-4 gallery-size-thumbnail'><figure class='gallery-item'>\n\t\t\t<div class='gallery-icon landscape'>\n\t\t\t\t<a href='https:\/\/www.ozbekspor.com\/wp-content\/uploads\/OKC\u0327ULUK-KOLAJ.png'><img width=\"500\" height=\"467\" src=\"https:\/\/www.ozbekspor.com\/wp-content\/uploads\/OKC\u0327ULUK-KOLAJ-500x467.png\" class=\"attachment-thumbnail size-thumbnail\" alt=\"\" loading=\"lazy\" aria-describedby=\"gallery-1-4368\" \/><\/a>\n\t\t\t<\/div>\n\t\t\t\t<figcaption class='wp-caption-text gallery-caption' id='gallery-1-4368'>\n\t\t\t\t\u00d6s-123-Y Ok\u00e7uluk Koruma A\u011f\u0131\n\t\t\t\t<\/figcaption><\/figure><figure class='gallery-item'>\n\t\t\t<div class='gallery-icon landscape'>\n\t\t\t\t<a href='https:\/\/www.ozbekspor.com\/wp-content\/uploads\/Okculuk-2-min.jpg'><img width=\"500\" height=\"500\" src=\"https:\/\/www.ozbekspor.com\/wp-content\/uploads\/Okculuk-2-min-500x500.jpg\" class=\"attachment-thumbnail size-thumbnail\" alt=\"\" loading=\"lazy\" aria-describedby=\"gallery-1-2091\" srcset=\"https:\/\/www.ozbekspor.com\/wp-content\/uploads\/Okculuk-2-min-500x500.jpg 500w, https:\/\/www.ozbekspor.com\/wp-content\/uploads\/Okculuk-2-min-300x300.jpg 300w, https:\/\/www.ozbekspor.com\/wp-content\/uploads\/Okculuk-2-min-100x100.jpg 100w\" sizes=\"(max-width: 500px) 100vw, 500px\" \/><\/a>\n\t\t\t<\/div>\n\t\t\t\t<figcaption class='wp-caption-text gallery-caption' id='gallery-1-2091'>\n\t\t\t\t\u00d6s-123-Y Ok\u00e7uluk Koruma A\u011f\u0131\n\t\t\t\t<\/figcaption><\/figure><figure class='gallery-item'>\n\t\t\t<div class='gallery-icon landscape'>\n\t\t\t\t<a href='https:\/\/www.ozbekspor.com\/wp-content\/uploads\/OK\u00c7ULUK-KORUMA-AGI-KOLAJ-2.png'><img width=\"500\" height=\"500\" src=\"https:\/\/www.ozbekspor.com\/wp-content\/uploads\/OK\u00c7ULUK-KORUMA-AGI-KOLAJ-2-500x500.png\" class=\"attachment-thumbnail size-thumbnail\" alt=\"\" loading=\"lazy\" aria-describedby=\"gallery-1-2092\" srcset=\"https:\/\/www.ozbekspor.com\/wp-content\/uploads\/OK\u00c7ULUK-KORUMA-AGI-KOLAJ-2-500x500.png 500w, https:\/\/www.ozbekspor.com\/wp-content\/uploads\/OK\u00c7ULUK-KORUMA-AGI-KOLAJ-2-300x300.png 300w, https:\/\/www.ozbekspor.com\/wp-content\/uploads\/OK\u00c7ULUK-KORUMA-AGI-KOLAJ-2-100x100.png 100w\" sizes=\"(max-width: 500px) 100vw, 500px\" \/><\/a>\n\t\t\t<\/div>\n\t\t\t\t<figcaption class='wp-caption-text gallery-caption' id='gallery-1-2092'>\n\t\t\t\t\u00d6s-123-Y Ok\u00e7uluk Koruma A\u011f\u0131\n\t\t\t\t<\/figcaption><\/figure><figure class='gallery-item'>\n\t\t\t<div class='gallery-icon landscape'>\n\t\t\t\t<a href='https:\/\/www.ozbekspor.com\/wp-content\/uploads\/ok.jpg'><img width=\"500\" height=\"500\" src=\"https:\/\/www.ozbekspor.com\/wp-content\/uploads\/ok-500x500.jpg\" class=\"attachment-thumbnail size-thumbnail\" alt=\"\" loading=\"lazy\" aria-describedby=\"gallery-1-4473\" srcset=\"https:\/\/www.ozbekspor.com\/wp-content\/uploads\/ok-500x500.jpg 500w, https:\/\/www.ozbekspor.com\/wp-content\/uploads\/ok-300x300.jpg 300w, https:\/\/www.ozbekspor.com\/wp-content\/uploads\/ok-100x100.jpg 100w\" sizes=\"(max-width: 500px) 100vw, 500px\" \/><\/a>\n\t\t\t<\/div>\n\t\t\t\t<figcaption class='wp-caption-text gallery-caption' id='gallery-1-4473'>\n\t\t\t\t\u00d6s-123-Y Ok\u00e7uluk Koruma A\u011f\u0131\n\t\t\t\t<\/figcaption><\/figure><figure class='gallery-item'>\n\t\t\t<div class='gallery-icon landscape'>\n\t\t\t\t<a href='https:\/\/www.ozbekspor.com\/wp-content\/uploads\/OK\u00c7ULUK-KORUMA-AGI-KOLAJ-3.png'><img width=\"500\" height=\"500\" src=\"https:\/\/www.ozbekspor.com\/wp-content\/uploads\/OK\u00c7ULUK-KORUMA-AGI-KOLAJ-3-500x500.png\" class=\"attachment-thumbnail size-thumbnail\" alt=\"\" loading=\"lazy\" aria-describedby=\"gallery-1-2094\" srcset=\"https:\/\/www.ozbekspor.com\/wp-content\/uploads\/OK\u00c7ULUK-KORUMA-AGI-KOLAJ-3-500x500.png 500w, https:\/\/www.ozbekspor.com\/wp-content\/uploads\/OK\u00c7ULUK-KORUMA-AGI-KOLAJ-3-300x300.png 300w, https:\/\/www.ozbekspor.com\/wp-content\/uploads\/OK\u00c7ULUK-KORUMA-AGI-KOLAJ-3-100x100.png 100w\" sizes=\"(max-width: 500px) 100vw, 500px\" \/><\/a>\n\t\t\t<\/div>\n\t\t\t\t<figcaption class='wp-caption-text gallery-caption' id='gallery-1-2094'>\n\t\t\t\t\u00d6s-123-Y Ok\u00e7uluk Koruma A\u011f\u0131\n\t\t\t\t<\/figcaption><\/figure><figure class='gallery-item'>\n\t\t\t<div class='gallery-icon landscape'>\n\t\t\t\t<a href='https:\/\/www.ozbekspor.com\/wp-content\/uploads\/OK\u00c7ULUK-KORUMA-AGI-KOLAJ-1.png'><img width=\"500\" height=\"500\" src=\"https:\/\/www.ozbekspor.com\/wp-content\/uploads\/OK\u00c7ULUK-KORUMA-AGI-KOLAJ-1-500x500.png\" class=\"attachment-thumbnail size-thumbnail\" alt=\"\" loading=\"lazy\" aria-describedby=\"gallery-1-2095\" srcset=\"https:\/\/www.ozbekspor.com\/wp-content\/uploads\/OK\u00c7ULUK-KORUMA-AGI-KOLAJ-1-500x500.png 500w, https:\/\/www.ozbekspor.com\/wp-content\/uploads\/OK\u00c7ULUK-KORUMA-AGI-KOLAJ-1-300x300.png 300w, https:\/\/www.ozbekspor.com\/wp-content\/uploads\/OK\u00c7ULUK-KORUMA-AGI-KOLAJ-1-100x100.png 100w\" sizes=\"(max-width: 500px) 100vw, 500px\" \/><\/a>\n\t\t\t<\/div>\n\t\t\t\t<figcaption class='wp-caption-text gallery-caption' id='gallery-1-2095'>\n\t\t\t\t\u00d6s-123-Y Ok\u00e7uluk Koruma A\u011f\u0131\n\t\t\t\t<\/figcaption><\/figure><figure class='gallery-item'>\n\t\t\t<div class='gallery-icon landscape'>\n\t\t\t\t<a href='https:\/\/www.ozbekspor.com\/wp-content\/uploads\/OK\u00c7ULUK-F\u0130LES\u0130-367MM.png'><img width=\"500\" height=\"457\" src=\"https:\/\/www.ozbekspor.com\/wp-content\/uploads\/OK\u00c7ULUK-F\u0130LES\u0130-367MM.png\" class=\"attachment-thumbnail size-thumbnail\" alt=\"\" loading=\"lazy\" aria-describedby=\"gallery-1-2096\" \/><\/a>\n\t\t\t<\/div>\n\t\t\t\t<figcaption class='wp-caption-text gallery-caption' id='gallery-1-2096'>\n\t\t\t\t\u00d6s-123-Y Ok\u00e7uluk Koruma A\u011f\u0131\n\t\t\t\t<\/figcaption><\/figure><figure class='gallery-item'>\n\t\t\t<div class='gallery-icon landscape'>\n\t\t\t\t<a href='https:\/\/www.ozbekspor.com\/wp-content\/uploads\/OK\u00c7ULUK-KORUMA-AGI-KOLAJ-4.png'><img width=\"500\" height=\"500\" src=\"https:\/\/www.ozbekspor.com\/wp-content\/uploads\/OK\u00c7ULUK-KORUMA-AGI-KOLAJ-4-500x500.png\" class=\"attachment-thumbnail size-thumbnail\" alt=\"\" loading=\"lazy\" aria-describedby=\"gallery-1-2093\" srcset=\"https:\/\/www.ozbekspor.com\/wp-content\/uploads\/OK\u00c7ULUK-KORUMA-AGI-KOLAJ-4-500x500.png 500w, https:\/\/www.ozbekspor.com\/wp-content\/uploads\/OK\u00c7ULUK-KORUMA-AGI-KOLAJ-4-300x300.png 300w, https:\/\/www.ozbekspor.com\/wp-content\/uploads\/OK\u00c7ULUK-KORUMA-AGI-KOLAJ-4-100x100.png 100w\" sizes=\"(max-width: 500px) 100vw, 500px\" \/><\/a>\n\t\t\t<\/div>\n\t\t\t\t<figcaption class='wp-caption-text gallery-caption' id='gallery-1-2093'>\n\t\t\t\t\u00d6s-12321 Koruma A\u011f\u0131 Montaj Ekipmanlar\u0131\n\t\t\t\t<\/figcaption><\/figure><figure class='gallery-item'>\n\t\t\t<div class='gallery-icon landscape'>\n\t\t\t\t<a href='https:\/\/www.ozbekspor.com\/wp-content\/uploads\/dura-backstop-netting-green-height-3m-various-lengths.jpg'><img width=\"500\" height=\"500\" src=\"https:\/\/www.ozbekspor.com\/wp-content\/uploads\/dura-backstop-netting-green-height-3m-various-lengths-500x500.jpg\" class=\"attachment-thumbnail size-thumbnail\" alt=\"\" loading=\"lazy\" aria-describedby=\"gallery-1-2102\" srcset=\"https:\/\/www.ozbekspor.com\/wp-content\/uploads\/dura-backstop-netting-green-height-3m-various-lengths-500x500.jpg 500w, https:\/\/www.ozbekspor.com\/wp-content\/uploads\/dura-backstop-netting-green-height-3m-various-lengths.jpg 800w, https:\/\/www.ozbekspor.com\/wp-content\/uploads\/dura-backstop-netting-green-height-3m-various-lengths-768x768.jpg 768w, https:\/\/www.ozbekspor.com\/wp-content\/uploads\/dura-backstop-netting-green-height-3m-various-lengths-300x300.jpg 300w, https:\/\/www.ozbekspor.com\/wp-content\/uploads\/dura-backstop-netting-green-height-3m-various-lengths-600x600.jpg 600w, https:\/\/www.ozbekspor.com\/wp-content\/uploads\/dura-backstop-netting-green-height-3m-various-lengths-100x100.jpg 100w\" sizes=\"(max-width: 500px) 100vw, 500px\" \/><\/a>\n\t\t\t<\/div>\n\t\t\t\t<figcaption class='wp-caption-text gallery-caption' id='gallery-1-2102'>\n\t\t\t\t\u00d6s-123-Y Ok\u00e7uluk Koruma A\u011f\u0131\n\t\t\t\t<\/figcaption><\/figure><figure class='gallery-item'>\n\t\t\t<div class='gallery-icon portrait'>\n\t\t\t\t<a href='https:\/\/www.ozbekspor.com\/wp-content\/uploads\/A18M9gE7DDL._AC_SY550_.jpg'><img width=\"413\" height=\"500\" src=\"https:\/\/www.ozbekspor.com\/wp-content\/uploads\/A18M9gE7DDL._AC_SY550_-413x500.jpg\" class=\"attachment-thumbnail size-thumbnail\" alt=\"\" loading=\"lazy\" aria-describedby=\"gallery-1-2099\" \/><\/a>\n\t\t\t<\/div>\n\t\t\t\t<figcaption class='wp-caption-text gallery-caption' id='gallery-1-2099'>\n\t\t\t\t\u00d6s-123-Y Ok\u00e7uluk Koruma A\u011f\u0131\n\t\t\t\t<\/figcaption><\/figure><figure class='gallery-item'>\n\t\t\t<div class='gallery-icon landscape'>\n\t\t\t\t<a href='https:\/\/www.ozbekspor.com\/wp-content\/uploads\/eng_pm_Back-Stop-Netting-Bearpaw-Dura-Green-3-m-3381_3.jpg'><img width=\"355\" height=\"355\" src=\"https:\/\/www.ozbekspor.com\/wp-content\/uploads\/eng_pm_Back-Stop-Netting-Bearpaw-Dura-Green-3-m-3381_3.jpg\" class=\"attachment-thumbnail size-thumbnail\" alt=\"\" loading=\"lazy\" aria-describedby=\"gallery-1-2100\" srcset=\"https:\/\/www.ozbekspor.com\/wp-content\/uploads\/eng_pm_Back-Stop-Netting-Bearpaw-Dura-Green-3-m-3381_3.jpg 355w, https:\/\/www.ozbekspor.com\/wp-content\/uploads\/eng_pm_Back-Stop-Netting-Bearpaw-Dura-Green-3-m-3381_3-300x300.jpg 300w, https:\/\/www.ozbekspor.com\/wp-content\/uploads\/eng_pm_Back-Stop-Netting-Bearpaw-Dura-Green-3-m-3381_3-100x100.jpg 100w\" sizes=\"(max-width: 355px) 100vw, 355px\" \/><\/a>\n\t\t\t<\/div>\n\t\t\t\t<figcaption class='wp-caption-text gallery-caption' id='gallery-1-2100'>\n\t\t\t\t\u00d6s-123-Y Ok\u00e7uluk Koruma A\u011f\u0131\n\t\t\t\t<\/figcaption><\/figure><figure class='gallery-item'>\n\t\t\t<div class='gallery-icon landscape'>\n\t\t\t\t<a href='https:\/\/www.ozbekspor.com\/wp-content\/uploads\/OK\u00c7ULUK-A\u011eI-KOD367.png'><img width=\"500\" height=\"500\" src=\"https:\/\/www.ozbekspor.com\/wp-content\/uploads\/OK\u00c7ULUK-A\u011eI-KOD367-500x500.png\" class=\"attachment-thumbnail size-thumbnail\" alt=\"\" loading=\"lazy\" aria-describedby=\"gallery-1-2097\" srcset=\"https:\/\/www.ozbekspor.com\/wp-content\/uploads\/OK\u00c7ULUK-A\u011eI-KOD367-500x500.png 500w, https:\/\/www.ozbekspor.com\/wp-content\/uploads\/OK\u00c7ULUK-A\u011eI-KOD367-300x300.png 300w, https:\/\/www.ozbekspor.com\/wp-content\/uploads\/OK\u00c7ULUK-A\u011eI-KOD367-100x100.png 100w\" sizes=\"(max-width: 500px) 100vw, 500px\" \/><\/a>\n\t\t\t<\/div>\n\t\t\t\t<figcaption class='wp-caption-text gallery-caption' id='gallery-1-2097'>\n\t\t\t\t\u00d6s-123-Y Ok\u00e7uluk Koruma A\u011f\u0131\n\t\t\t\t<\/figcaption><\/figure><figure class='gallery-item'>\n\t\t\t<div class='gallery-icon landscape'>\n\t\t\t\t<a href='https:\/\/www.ozbekspor.com\/wp-content\/uploads\/stronghold-archery-set-for-backstop-netting.jpg'><img width=\"320\" height=\"320\" src=\"https:\/\/www.ozbekspor.com\/wp-content\/uploads\/stronghold-archery-set-for-backstop-netting.jpg\" class=\"attachment-thumbnail size-thumbnail\" alt=\"\" loading=\"lazy\" aria-describedby=\"gallery-1-2101\" srcset=\"https:\/\/www.ozbekspor.com\/wp-content\/uploads\/stronghold-archery-set-for-backstop-netting.jpg 320w, https:\/\/www.ozbekspor.com\/wp-content\/uploads\/stronghold-archery-set-for-backstop-netting-300x300.jpg 300w, https:\/\/www.ozbekspor.com\/wp-content\/uploads\/stronghold-archery-set-for-backstop-netting-100x100.jpg 100w\" sizes=\"(max-width: 320px) 100vw, 320px\" \/><\/a>\n\t\t\t<\/div>\n\t\t\t\t<figcaption class='wp-caption-text gallery-caption' id='gallery-1-2101'>\n\t\t\t\t\u00d6s-12321 Koruma A\u011f\u0131 Montaj Ekipmanlar\u0131\n\t\t\t\t<\/figcaption><\/figure><figure class='gallery-item'>\n\t\t\t<div class='gallery-icon landscape'>\n\t\t\t\t<a href='https:\/\/www.ozbekspor.com\/wp-content\/uploads\/pars-koruma-agi-3m-x-5m-yesil-koruma-aglari-pars-8827-14-K.jpg'><img width=\"250\" height=\"188\" src=\"https:\/\/www.ozbekspor.com\/wp-content\/uploads\/pars-koruma-agi-3m-x-5m-yesil-koruma-aglari-pars-8827-14-K.jpg\" class=\"attachment-thumbnail size-thumbnail\" alt=\"\" loading=\"lazy\" aria-describedby=\"gallery-1-2103\" \/><\/a>\n\t\t\t<\/div>\n\t\t\t\t<figcaption class='wp-caption-text gallery-caption' id='gallery-1-2103'>\n\t\t\t\t\u00d6s-12321 Koruma A\u011f\u0131 Montaj Ekipmanlar\u0131\n\t\t\t\t<\/figcaption><\/figure><figure class='gallery-item'>\n\t\t\t<div class='gallery-icon landscape'>\n\t\t\t\t<a href='https:\/\/www.ozbekspor.com\/wp-content\/uploads\/okculuk-j\u00fct.png'><img width=\"500\" height=\"450\" src=\"https:\/\/www.ozbekspor.com\/wp-content\/uploads\/okculuk-j\u00fct-500x450.png\" class=\"attachment-thumbnail size-thumbnail\" alt=\"\" loading=\"lazy\" aria-describedby=\"gallery-1-2104\" \/><\/a>\n\t\t\t<\/div>\n\t\t\t\t<figcaption class='wp-caption-text gallery-caption' id='gallery-1-2104'>\n\t\t\t\t\u00d6s-123-Y Ok\u00e7uluk Koruma A\u011f\u0131\n\t\t\t\t<\/figcaption><\/figure>\n\t\t<\/div>\n\n","protected":false},"excerpt":{"rendered":"<p><strong>Ok\u00e7uluk Koruma A\u011flar\u0131<\/strong><\/p>\n<p><strong>\u00d6zbek Spor<\/strong> Ok\u00e7uluk hedef arkas\u0131 koruma filesi, emniyet a\u011f\u0131 standart \u00f6l\u00e7\u00fclerde \u00fcretildi\u011fi gibi turnuva organizasyon gibi etkinliklerde istenilen ebat ve \u00f6l\u00e7\u00fcde \u00fcretim yap\u0131lmaktad\u0131r, okun ge\u00e7emeyece\u011fi g\u00f6z a\u00e7\u0131kl\u0131\u011f\u0131nda s\u0131k dokunmu\u015f olmal\u0131d\u0131r, d\u0131\u015f \u015fartlarda dayan\u0131m\u0131 uzun olmas\u0131 i\u00e7in Polyamid ip tercih edilmelidir, \u00fcr\u00fcnlerimiz tamam\u0131 yerli olarak el dokumas\u0131 ve makina dokumas\u0131 olarak \u00fcretilmektedir. Kenarlar\u0131 PVC Branda dikili olarak, Ku\u015f g\u00f6z\u00fc kaps\u00fcl aral\u0131klarla \u00e7ak\u0131larak sat\u0131\u015f\u0131 sunulmaktad\u0131r. Montaj aparatlar\u0131 ile beraber g\u00f6nderim sa\u011flan\u0131r. Daha fazla bilgi almak ve sipari\u015f vermek i\u00e7in bizimle ileti\u015fime ge\u00e7ebilirsiniz.<\/p>\n","protected":false},"featured_media":2092,"template":"","meta":[],"_links":{"self":[{"href":"https:\/\/www.ozbekspor.com\/index.php?rest_route=\/wp\/v2\/product\/2090"}],"collection":[{"href":"https:\/\/www.ozbekspor.com\/index.php?rest_route=\/wp\/v2\/product"}],"about":[{"href":"https:\/\/www.ozbekspor.com\/index.php?rest_route=\/wp\/v2\/types\/product"}],"wp:featuredmedia":[{"embeddable":true,"href":"https:\/\/www.ozbekspor.com\/index.php?rest_route=\/wp\/v2\/media\/2092"}],"wp:attachment":[{"href":"https:\/\/www.ozbekspor.com\/index.php?rest_route=%2Fwp%2Fv2%2Fmedia&parent=2090"}],"curies":[{"name":"wp","href":"https:\/\/api.w.org\/{rel}","templated":true}]}}