{"id":2077,"date":"2020-12-29T14:07:26","date_gmt":"2020-12-29T14:07:26","guid":{"rendered":"https:\/\/www.ozbekspor.com\/?post_type=product&#038;p=2077"},"modified":"2021-01-21T10:51:17","modified_gmt":"2021-01-21T10:51:17","slug":"tenis-sahasi-bolme-aglari","status":"publish","type":"product","link":"https:\/\/www.ozbekspor.com\/?product=tenis-sahasi-bolme-aglari","title":{"rendered":"Tenis Kort B\u00f6lme A\u011flar\u0131"},"content":{"rendered":"<div id='gallery-1' class='gallery galleryid-2077 gallery-columns-4 gallery-size-thumbnail'><figure class='gallery-item'>\n\t\t\t<div class='gallery-icon landscape'>\n\t\t\t\t<a href='https:\/\/www.ozbekspor.com\/?attachment_id=3958#main'><img width=\"500\" height=\"500\" src=\"https:\/\/www.ozbekspor.com\/wp-content\/uploads\/tenis-sahasi-bolme-500x500.jpg\" class=\"attachment-thumbnail size-thumbnail\" alt=\"\" loading=\"lazy\" aria-describedby=\"gallery-1-3958\" srcset=\"https:\/\/www.ozbekspor.com\/wp-content\/uploads\/tenis-sahasi-bolme-500x500.jpg 500w, https:\/\/www.ozbekspor.com\/wp-content\/uploads\/tenis-sahasi-bolme-300x300.jpg 300w, https:\/\/www.ozbekspor.com\/wp-content\/uploads\/tenis-sahasi-bolme-100x100.jpg 100w\" sizes=\"(max-width: 500px) 100vw, 500px\" \/><\/a>\n\t\t\t<\/div>\n\t\t\t\t<figcaption class='wp-caption-text gallery-caption' id='gallery-1-3958'>\n\t\t\t\t\u00d6S-TK-6040 Tenis Kortu Saha B\u00f6lme A\u011f\u0131\n\t\t\t\t<\/figcaption><\/figure><figure class='gallery-item'>\n\t\t\t<div class='gallery-icon portrait'>\n\t\t\t\t<a href='https:\/\/www.ozbekspor.com\/?attachment_id=3959#main'><img width=\"500\" height=\"500\" src=\"https:\/\/www.ozbekspor.com\/wp-content\/uploads\/tenis-sahasi-bolme-2-500x500.jpg\" class=\"attachment-thumbnail size-thumbnail\" alt=\"\" loading=\"lazy\" aria-describedby=\"gallery-1-3959\" srcset=\"https:\/\/www.ozbekspor.com\/wp-content\/uploads\/tenis-sahasi-bolme-2-500x500.jpg 500w, https:\/\/www.ozbekspor.com\/wp-content\/uploads\/tenis-sahasi-bolme-2-300x300.jpg 300w, https:\/\/www.ozbekspor.com\/wp-content\/uploads\/tenis-sahasi-bolme-2-100x100.jpg 100w\" sizes=\"(max-width: 500px) 100vw, 500px\" \/><\/a>\n\t\t\t<\/div>\n\t\t\t\t<figcaption class='wp-caption-text gallery-caption' id='gallery-1-3959'>\n\t\t\t\t\u00d6S-TK-6040 Tenis Kortu Saha B\u00f6lme A\u011f\u0131\n\t\t\t\t<\/figcaption><\/figure><figure class='gallery-item'>\n\t\t\t<div class='gallery-icon landscape'>\n\t\t\t\t<a href='https:\/\/www.ozbekspor.com\/?attachment_id=2334#main'><img width=\"500\" height=\"500\" src=\"https:\/\/www.ozbekspor.com\/wp-content\/uploads\/TEN\u0130S-SAHA-CORT-B\u00d6LME-A\u011eI-1-500x500.png\" class=\"attachment-thumbnail size-thumbnail\" alt=\"\" loading=\"lazy\" aria-describedby=\"gallery-1-2334\" srcset=\"https:\/\/www.ozbekspor.com\/wp-content\/uploads\/TEN\u0130S-SAHA-CORT-B\u00d6LME-A\u011eI-1-500x500.png 500w, https:\/\/www.ozbekspor.com\/wp-content\/uploads\/TEN\u0130S-SAHA-CORT-B\u00d6LME-A\u011eI-1-768x768.png 768w, https:\/\/www.ozbekspor.com\/wp-content\/uploads\/TEN\u0130S-SAHA-CORT-B\u00d6LME-A\u011eI-1-300x300.png 300w, https:\/\/www.ozbekspor.com\/wp-content\/uploads\/TEN\u0130S-SAHA-CORT-B\u00d6LME-A\u011eI-1-600x600.png 600w, https:\/\/www.ozbekspor.com\/wp-content\/uploads\/TEN\u0130S-SAHA-CORT-B\u00d6LME-A\u011eI-1-100x100.png 100w, https:\/\/www.ozbekspor.com\/wp-content\/uploads\/TEN\u0130S-SAHA-CORT-B\u00d6LME-A\u011eI-1.png 778w\" sizes=\"(max-width: 500px) 100vw, 500px\" \/><\/a>\n\t\t\t<\/div>\n\t\t\t\t<figcaption class='wp-caption-text gallery-caption' id='gallery-1-2334'>\n\t\t\t\t\u00d6S-TK-6040 Tenis Kortu Saha B\u00f6lme A\u011f\u0131 \n\t\t\t\t<\/figcaption><\/figure><figure class='gallery-item'>\n\t\t\t<div class='gallery-icon portrait'>\n\t\t\t\t<a href='https:\/\/www.ozbekspor.com\/?attachment_id=2335#main'><img width=\"500\" height=\"500\" src=\"https:\/\/www.ozbekspor.com\/wp-content\/uploads\/TEN\u0130S-SAHA-CORT-B\u00d6LME-A\u011eI-2-1-500x500.png\" class=\"attachment-thumbnail size-thumbnail\" alt=\"\" loading=\"lazy\" aria-describedby=\"gallery-1-2335\" srcset=\"https:\/\/www.ozbekspor.com\/wp-content\/uploads\/TEN\u0130S-SAHA-CORT-B\u00d6LME-A\u011eI-2-1-500x500.png 500w, https:\/\/www.ozbekspor.com\/wp-content\/uploads\/TEN\u0130S-SAHA-CORT-B\u00d6LME-A\u011eI-2-1-300x300.png 300w, https:\/\/www.ozbekspor.com\/wp-content\/uploads\/TEN\u0130S-SAHA-CORT-B\u00d6LME-A\u011eI-2-1-100x100.png 100w\" sizes=\"(max-width: 500px) 100vw, 500px\" \/><\/a>\n\t\t\t<\/div>\n\t\t\t\t<figcaption class='wp-caption-text gallery-caption' id='gallery-1-2335'>\n\t\t\t\t\u00d6S-TK-6040 Tenis Kortu Saha B\u00f6lme A\u011f\u0131\n\t\t\t\t<\/figcaption><\/figure><figure class='gallery-item'>\n\t\t\t<div class='gallery-icon landscape'>\n\t\t\t\t<a href='https:\/\/www.ozbekspor.com\/?attachment_id=2336#main'><img width=\"500\" height=\"328\" src=\"https:\/\/www.ozbekspor.com\/wp-content\/uploads\/TEN\u0130S-SAHA-CORT-B\u00d6LME-A\u011eI-3-1.png\" class=\"attachment-thumbnail size-thumbnail\" alt=\"\" loading=\"lazy\" aria-describedby=\"gallery-1-2336\" \/><\/a>\n\t\t\t<\/div>\n\t\t\t\t<figcaption class='wp-caption-text gallery-caption' id='gallery-1-2336'>\n\t\t\t\t\u00d6S-TK-6040 Tenis Kortu Saha B\u00f6lme A\u011f\u0131 \n\t\t\t\t<\/figcaption><\/figure><figure class='gallery-item'>\n\t\t\t<div class='gallery-icon landscape'>\n\t\t\t\t<a href='https:\/\/www.ozbekspor.com\/?attachment_id=2337#main'><img width=\"500\" height=\"500\" src=\"https:\/\/www.ozbekspor.com\/wp-content\/uploads\/TEN\u0130S-SAHA-CORT-B\u00d6LME-A\u011eI-4-1-500x500.png\" class=\"attachment-thumbnail size-thumbnail\" alt=\"\" loading=\"lazy\" aria-describedby=\"gallery-1-2337\" srcset=\"https:\/\/www.ozbekspor.com\/wp-content\/uploads\/TEN\u0130S-SAHA-CORT-B\u00d6LME-A\u011eI-4-1-500x500.png 500w, https:\/\/www.ozbekspor.com\/wp-content\/uploads\/TEN\u0130S-SAHA-CORT-B\u00d6LME-A\u011eI-4-1-300x300.png 300w, https:\/\/www.ozbekspor.com\/wp-content\/uploads\/TEN\u0130S-SAHA-CORT-B\u00d6LME-A\u011eI-4-1-100x100.png 100w\" sizes=\"(max-width: 500px) 100vw, 500px\" \/><\/a>\n\t\t\t<\/div>\n\t\t\t\t<figcaption class='wp-caption-text gallery-caption' id='gallery-1-2337'>\n\t\t\t\t\u00d6S-TK-6040 Tenis Kortu Saha B\u00f6lme A\u011f\u0131 \n\t\t\t\t<\/figcaption><\/figure><figure class='gallery-item'>\n\t\t\t<div class='gallery-icon landscape'>\n\t\t\t\t<a href='https:\/\/www.ozbekspor.com\/?attachment_id=2338#main'><img width=\"500\" height=\"434\" src=\"https:\/\/www.ozbekspor.com\/wp-content\/uploads\/TEN\u0130S-SAHA-CORT-B\u00d6LME-A\u011eI-5-1-500x434.png\" class=\"attachment-thumbnail size-thumbnail\" alt=\"\" loading=\"lazy\" aria-describedby=\"gallery-1-2338\" \/><\/a>\n\t\t\t<\/div>\n\t\t\t\t<figcaption class='wp-caption-text gallery-caption' id='gallery-1-2338'>\n\t\t\t\t\u00d6S-TK-6040 Tenis Kortu Saha B\u00f6lme A\u011f\u0131 \n\t\t\t\t<\/figcaption><\/figure><figure class='gallery-item'>\n\t\t\t<div class='gallery-icon landscape'>\n\t\t\t\t<a href='https:\/\/www.ozbekspor.com\/?attachment_id=2339#main'><img width=\"500\" height=\"500\" src=\"https:\/\/www.ozbekspor.com\/wp-content\/uploads\/TEN\u0130S-SAHASI-B\u00d6LME-F\u0130LES\u0130-6040-1-500x500.png\" class=\"attachment-thumbnail size-thumbnail\" alt=\"\" loading=\"lazy\" aria-describedby=\"gallery-1-2339\" srcset=\"https:\/\/www.ozbekspor.com\/wp-content\/uploads\/TEN\u0130S-SAHASI-B\u00d6LME-F\u0130LES\u0130-6040-1-500x500.png 500w, https:\/\/www.ozbekspor.com\/wp-content\/uploads\/TEN\u0130S-SAHASI-B\u00d6LME-F\u0130LES\u0130-6040-1-300x300.png 300w, https:\/\/www.ozbekspor.com\/wp-content\/uploads\/TEN\u0130S-SAHASI-B\u00d6LME-F\u0130LES\u0130-6040-1-100x100.png 100w\" sizes=\"(max-width: 500px) 100vw, 500px\" \/><\/a>\n\t\t\t<\/div>\n\t\t\t\t<figcaption class='wp-caption-text gallery-caption' id='gallery-1-2339'>\n\t\t\t\t\u00d6S-TK-6040 Tenis Kortu Saha B\u00f6lme A\u011f\u0131 \n\t\t\t\t<\/figcaption><\/figure><figure class='gallery-item'>\n\t\t\t<div class='gallery-icon landscape'>\n\t\t\t\t<a href='https:\/\/www.ozbekspor.com\/?attachment_id=2340#main'><img width=\"500\" height=\"500\" src=\"https:\/\/www.ozbekspor.com\/wp-content\/uploads\/TEN\u0130S-SAHASI-B\u00d6LME-F\u0130LES\u0130-500x500.jpg\" class=\"attachment-thumbnail size-thumbnail\" alt=\"\" loading=\"lazy\" aria-describedby=\"gallery-1-2340\" srcset=\"https:\/\/www.ozbekspor.com\/wp-content\/uploads\/TEN\u0130S-SAHASI-B\u00d6LME-F\u0130LES\u0130-500x500.jpg 500w, https:\/\/www.ozbekspor.com\/wp-content\/uploads\/TEN\u0130S-SAHASI-B\u00d6LME-F\u0130LES\u0130-300x300.jpg 300w, https:\/\/www.ozbekspor.com\/wp-content\/uploads\/TEN\u0130S-SAHASI-B\u00d6LME-F\u0130LES\u0130-100x100.jpg 100w\" sizes=\"(max-width: 500px) 100vw, 500px\" \/><\/a>\n\t\t\t<\/div>\n\t\t\t\t<figcaption class='wp-caption-text gallery-caption' id='gallery-1-2340'>\n\t\t\t\t\u00d6S-TK-6040 Tenis Kortu Saha B\u00f6lme A\u011f\u0131 \n\t\t\t\t<\/figcaption><\/figure><figure class='gallery-item'>\n\t\t\t<div class='gallery-icon landscape'>\n\t\t\t\t<a href='https:\/\/www.ozbekspor.com\/?attachment_id=2341#main'><img width=\"500\" height=\"500\" src=\"https:\/\/www.ozbekspor.com\/wp-content\/uploads\/tenis-sahas\u0131-cevre-kapama-filesi-4x4cm-500x500.jpg\" class=\"attachment-thumbnail size-thumbnail\" alt=\"\" loading=\"lazy\" aria-describedby=\"gallery-1-2341\" srcset=\"https:\/\/www.ozbekspor.com\/wp-content\/uploads\/tenis-sahas\u0131-cevre-kapama-filesi-4x4cm-500x500.jpg 500w, https:\/\/www.ozbekspor.com\/wp-content\/uploads\/tenis-sahas\u0131-cevre-kapama-filesi-4x4cm-300x300.jpg 300w, https:\/\/www.ozbekspor.com\/wp-content\/uploads\/tenis-sahas\u0131-cevre-kapama-filesi-4x4cm-100x100.jpg 100w\" sizes=\"(max-width: 500px) 100vw, 500px\" \/><\/a>\n\t\t\t<\/div>\n\t\t\t\t<figcaption class='wp-caption-text gallery-caption' id='gallery-1-2341'>\n\t\t\t\t\u00d6S-TK-6040 Tenis Kortu Saha B\u00f6lme A\u011f\u0131 \n\t\t\t\t<\/figcaption><\/figure><figure class='gallery-item'>\n\t\t\t<div class='gallery-icon landscape'>\n\t\t\t\t<a href='https:\/\/www.ozbekspor.com\/?attachment_id=2346#main'><img width=\"500\" height=\"500\" src=\"https:\/\/www.ozbekspor.com\/wp-content\/uploads\/TEN\u0130S-KORT-B\u00d6LME-F\u0130LES\u0130-670x502-1-500x500.jpg\" class=\"attachment-thumbnail size-thumbnail\" alt=\"\" loading=\"lazy\" aria-describedby=\"gallery-1-2346\" srcset=\"https:\/\/www.ozbekspor.com\/wp-content\/uploads\/TEN\u0130S-KORT-B\u00d6LME-F\u0130LES\u0130-670x502-1-500x500.jpg 500w, https:\/\/www.ozbekspor.com\/wp-content\/uploads\/TEN\u0130S-KORT-B\u00d6LME-F\u0130LES\u0130-670x502-1-300x300.jpg 300w, https:\/\/www.ozbekspor.com\/wp-content\/uploads\/TEN\u0130S-KORT-B\u00d6LME-F\u0130LES\u0130-670x502-1-100x100.jpg 100w\" sizes=\"(max-width: 500px) 100vw, 500px\" \/><\/a>\n\t\t\t<\/div>\n\t\t\t\t<figcaption class='wp-caption-text gallery-caption' id='gallery-1-2346'>\n\t\t\t\t\u00d6S-TK-6040 Tenis Kortu Saha B\u00f6lme A\u011f\u0131 \n\t\t\t\t<\/figcaption><\/figure><figure class='gallery-item'>\n\t\t\t<div class='gallery-icon landscape'>\n\t\t\t\t<a href='https:\/\/www.ozbekspor.com\/?attachment_id=2345#main'><img width=\"500\" height=\"500\" src=\"https:\/\/www.ozbekspor.com\/wp-content\/uploads\/TEN\u0130S-KORT-B\u00d6LME-A\u011eI-670x502-1-500x500.jpg\" class=\"attachment-thumbnail size-thumbnail\" alt=\"\" loading=\"lazy\" aria-describedby=\"gallery-1-2345\" srcset=\"https:\/\/www.ozbekspor.com\/wp-content\/uploads\/TEN\u0130S-KORT-B\u00d6LME-A\u011eI-670x502-1-500x500.jpg 500w, https:\/\/www.ozbekspor.com\/wp-content\/uploads\/TEN\u0130S-KORT-B\u00d6LME-A\u011eI-670x502-1-300x300.jpg 300w, https:\/\/www.ozbekspor.com\/wp-content\/uploads\/TEN\u0130S-KORT-B\u00d6LME-A\u011eI-670x502-1-100x100.jpg 100w\" sizes=\"(max-width: 500px) 100vw, 500px\" \/><\/a>\n\t\t\t<\/div>\n\t\t\t\t<figcaption class='wp-caption-text gallery-caption' id='gallery-1-2345'>\n\t\t\t\t\u00d6S-TK-6040 Tenis Kortu Saha B\u00f6lme A\u011f\u0131 \n\t\t\t\t<\/figcaption><\/figure><figure class='gallery-item'>\n\t\t\t<div class='gallery-icon landscape'>\n\t\t\t\t<a href='https:\/\/www.ozbekspor.com\/?attachment_id=2347#main'><img width=\"500\" height=\"500\" src=\"https:\/\/www.ozbekspor.com\/wp-content\/uploads\/tenis-sahas\u0131-b\u00f6lme-filesi..-670x502-1-500x500.jpg\" class=\"attachment-thumbnail size-thumbnail\" alt=\"\" loading=\"lazy\" aria-describedby=\"gallery-1-2347\" srcset=\"https:\/\/www.ozbekspor.com\/wp-content\/uploads\/tenis-sahas\u0131-b\u00f6lme-filesi..-670x502-1-500x500.jpg 500w, https:\/\/www.ozbekspor.com\/wp-content\/uploads\/tenis-sahas\u0131-b\u00f6lme-filesi..-670x502-1-300x300.jpg 300w, https:\/\/www.ozbekspor.com\/wp-content\/uploads\/tenis-sahas\u0131-b\u00f6lme-filesi..-670x502-1-100x100.jpg 100w\" sizes=\"(max-width: 500px) 100vw, 500px\" \/><\/a>\n\t\t\t<\/div>\n\t\t\t\t<figcaption class='wp-caption-text gallery-caption' id='gallery-1-2347'>\n\t\t\t\t\u00d6S-TK-6040 Tenis Kortu Saha B\u00f6lme A\u011f\u0131 \n\t\t\t\t<\/figcaption><\/figure><figure class='gallery-item'>\n\t\t\t<div class='gallery-icon landscape'>\n\t\t\t\t<a href='https:\/\/www.ozbekspor.com\/?attachment_id=2348#main'><img width=\"500\" height=\"500\" src=\"https:\/\/www.ozbekspor.com\/wp-content\/uploads\/TEN\u0130S-SAHASI-B\u00d6LME-F\u0130LES\u0130-2-670x502-2-500x500.jpg\" class=\"attachment-thumbnail size-thumbnail\" alt=\"\" loading=\"lazy\" aria-describedby=\"gallery-1-2348\" srcset=\"https:\/\/www.ozbekspor.com\/wp-content\/uploads\/TEN\u0130S-SAHASI-B\u00d6LME-F\u0130LES\u0130-2-670x502-2-500x500.jpg 500w, https:\/\/www.ozbekspor.com\/wp-content\/uploads\/TEN\u0130S-SAHASI-B\u00d6LME-F\u0130LES\u0130-2-670x502-2-300x300.jpg 300w, https:\/\/www.ozbekspor.com\/wp-content\/uploads\/TEN\u0130S-SAHASI-B\u00d6LME-F\u0130LES\u0130-2-670x502-2-100x100.jpg 100w\" sizes=\"(max-width: 500px) 100vw, 500px\" \/><\/a>\n\t\t\t<\/div>\n\t\t\t\t<figcaption class='wp-caption-text gallery-caption' id='gallery-1-2348'>\n\t\t\t\t\u00d6S-TK-6040 Tenis Kortu Saha B\u00f6lme A\u011f\u0131 \n\t\t\t\t<\/figcaption><\/figure><figure class='gallery-item'>\n\t\t\t<div class='gallery-icon landscape'>\n\t\t\t\t<a href='https:\/\/www.ozbekspor.com\/?attachment_id=2342#main'><img width=\"500\" height=\"500\" src=\"https:\/\/www.ozbekspor.com\/wp-content\/uploads\/TEN\u0130S-SAHASI-KORT-TAVAN-KAPAMA-A\u011eI-1-500x500.png\" class=\"attachment-thumbnail size-thumbnail\" alt=\"\" loading=\"lazy\" aria-describedby=\"gallery-1-2342\" srcset=\"https:\/\/www.ozbekspor.com\/wp-content\/uploads\/TEN\u0130S-SAHASI-KORT-TAVAN-KAPAMA-A\u011eI-1-500x500.png 500w, https:\/\/www.ozbekspor.com\/wp-content\/uploads\/TEN\u0130S-SAHASI-KORT-TAVAN-KAPAMA-A\u011eI-1-300x300.png 300w, https:\/\/www.ozbekspor.com\/wp-content\/uploads\/TEN\u0130S-SAHASI-KORT-TAVAN-KAPAMA-A\u011eI-1-100x100.png 100w\" sizes=\"(max-width: 500px) 100vw, 500px\" \/><\/a>\n\t\t\t<\/div>\n\t\t\t\t<figcaption class='wp-caption-text gallery-caption' id='gallery-1-2342'>\n\t\t\t\t\u00d6S-TK-6040 Tenis Sahas\u0131 \u00dcst Kapama A\u011f\u0131 \n\t\t\t\t<\/figcaption><\/figure><figure class='gallery-item'>\n\t\t\t<div class='gallery-icon landscape'>\n\t\t\t\t<a href='https:\/\/www.ozbekspor.com\/?attachment_id=2343#main'><img width=\"500\" height=\"500\" src=\"https:\/\/www.ozbekspor.com\/wp-content\/uploads\/TEN\u0130S-SAHASI-\u00dcST-KAPAMA-A\u011eI-KOLAJ-1-1-500x500.png\" class=\"attachment-thumbnail size-thumbnail\" alt=\"\" loading=\"lazy\" aria-describedby=\"gallery-1-2343\" srcset=\"https:\/\/www.ozbekspor.com\/wp-content\/uploads\/TEN\u0130S-SAHASI-\u00dcST-KAPAMA-A\u011eI-KOLAJ-1-1-500x500.png 500w, https:\/\/www.ozbekspor.com\/wp-content\/uploads\/TEN\u0130S-SAHASI-\u00dcST-KAPAMA-A\u011eI-KOLAJ-1-1-300x300.png 300w, https:\/\/www.ozbekspor.com\/wp-content\/uploads\/TEN\u0130S-SAHASI-\u00dcST-KAPAMA-A\u011eI-KOLAJ-1-1-100x100.png 100w\" sizes=\"(max-width: 500px) 100vw, 500px\" \/><\/a>\n\t\t\t<\/div>\n\t\t\t\t<figcaption class='wp-caption-text gallery-caption' id='gallery-1-2343'>\n\t\t\t\t\u00d6S-TK-6040 Tenis Sahas\u0131 \u00dcst Kapama A\u011f\u0131 \n\t\t\t\t<\/figcaption><\/figure><figure class='gallery-item'>\n\t\t\t<div class='gallery-icon landscape'>\n\t\t\t\t<a href='https:\/\/www.ozbekspor.com\/?attachment_id=2344#main'><img width=\"500\" height=\"500\" src=\"https:\/\/www.ozbekspor.com\/wp-content\/uploads\/TEN\u0130S-SAHASI-\u00dcST-KAPAMA-A\u011eI-KOLAJ-2-1-500x500.png\" class=\"attachment-thumbnail size-thumbnail\" alt=\"\" loading=\"lazy\" aria-describedby=\"gallery-1-2344\" srcset=\"https:\/\/www.ozbekspor.com\/wp-content\/uploads\/TEN\u0130S-SAHASI-\u00dcST-KAPAMA-A\u011eI-KOLAJ-2-1-500x500.png 500w, https:\/\/www.ozbekspor.com\/wp-content\/uploads\/TEN\u0130S-SAHASI-\u00dcST-KAPAMA-A\u011eI-KOLAJ-2-1-300x300.png 300w, https:\/\/www.ozbekspor.com\/wp-content\/uploads\/TEN\u0130S-SAHASI-\u00dcST-KAPAMA-A\u011eI-KOLAJ-2-1-100x100.png 100w\" sizes=\"(max-width: 500px) 100vw, 500px\" \/><\/a>\n\t\t\t<\/div>\n\t\t\t\t<figcaption class='wp-caption-text gallery-caption' id='gallery-1-2344'>\n\t\t\t\t\u00d6S-TK-6040 Tenis Sahas\u0131 \u00dcst Kapama A\u011f\u0131\n\t\t\t\t<\/figcaption><\/figure>\n\t\t<\/div>\n\n","protected":false},"excerpt":{"rendered":"<p><strong>Tenis Sahas\u0131 B\u00f6lme<\/strong> ve <strong>Kapama A\u011flar\u0131<\/strong>; <strong>Tenis sahalar\u0131nda<\/strong> toplar\u0131n alan d\u0131\u015f\u0131na \u00e7\u0131kmas\u0131n\u0131 \u00f6nlemek ve sahalar\u0131 b\u00f6lmek amac\u0131yla \u00fcretilen a\u011flard\u0131r. Firmam\u0131z taraf\u0131ndan \u00fcretimi yap\u0131lan a\u011flar\u0131n y\u00fckseklik ve uzunluk \u00f6l\u00e7\u00fcleri sahalar\u0131n ebatlar\u0131na g\u00f6re yada m\u00fc\u015fterilerimizin ihtiya\u00e7lar\u0131 do\u011frultusunda belirlenmektedir. \u0130stenilen \u00f6l\u00e7\u00fclerde ve renklerde \u00fcretimi yap\u0131lan a\u011flar\u0131m\u0131z\u0131n genel \u00f6zelli\u011fi <strong>UV katk\u0131l\u0131<\/strong>, <strong>\u00d6zbek Spor<\/strong> garantisiyle y\u00fcksek mukavemetli ve <strong>Polyamid<\/strong> ham maddeden imal edilmesidir. Bilgi ve sipari\u015f i\u00e7in bizimle ileti\u015fime ge\u00e7iniz.<\/p>\n","protected":false},"featured_media":2078,"template":"","meta":[],"_links":{"self":[{"href":"https:\/\/www.ozbekspor.com\/index.php?rest_route=\/wp\/v2\/product\/2077"}],"collection":[{"href":"https:\/\/www.ozbekspor.com\/index.php?rest_route=\/wp\/v2\/product"}],"about":[{"href":"https:\/\/www.ozbekspor.com\/index.php?rest_route=\/wp\/v2\/types\/product"}],"wp:featuredmedia":[{"embeddable":true,"href":"https:\/\/www.ozbekspor.com\/index.php?rest_route=\/wp\/v2\/media\/2078"}],"wp:attachment":[{"href":"https:\/\/www.ozbekspor.com\/index.php?rest_route=%2Fwp%2Fv2%2Fmedia&parent=2077"}],"curies":[{"name":"wp","href":"https:\/\/api.w.org\/{rel}","templated":true}]}}